{"id":960,"date":"2019-06-13T17:48:36","date_gmt":"2019-06-13T17:48:36","guid":{"rendered":"http:\/\/laboratorios.ufrrj.br\/npqm\/?page_id=960"},"modified":"2019-06-13T17:48:36","modified_gmt":"2019-06-13T17:48:36","slug":"2008-i-simaderj","status":"publish","type":"page","link":"https:\/\/laboratorios.ufrrj.br\/npqm\/2008-i-simaderj\/","title":{"rendered":"2008 &#8212; I SIMADERJ"},"content":{"rendered":"<h4><a href=\"http:\/\/laboratorios.ufrrj.br\/npqm\/wp-content\/uploads\/sites\/4\/2019\/03\/panfleto.jpg\"><img loading=\"lazy\" decoding=\"async\" class=\"wp-image-789 alignleft\" src=\"http:\/\/laboratorios.ufrrj.br\/npqm\/wp-content\/uploads\/sites\/4\/2019\/03\/panfleto-223x300.jpg\" alt=\"\" width=\"147\" height=\"198\" srcset=\"https:\/\/laboratorios.ufrrj.br\/npqm\/wp-content\/uploads\/sites\/4\/2019\/03\/panfleto-223x300.jpg 223w, https:\/\/laboratorios.ufrrj.br\/npqm\/wp-content\/uploads\/sites\/4\/2019\/03\/panfleto.jpg 738w\" sizes=\"auto, (max-width: 147px) 100vw, 147px\" \/><\/a><\/h4>\n<h4>I Simp\u00f3sio em Ci\u00eancia e Tecnologia da Madeira do RJ<\/h4>\n<p>&nbsp;<\/p>\n<h4>COMISS\u00c3O ORGANIZADORA:<\/h4>\n<p>Prof. Dr. Jo\u00e3o Vicente de Figueiredo Latorraca (UFRRJ) \u2013 Presidente<\/p>\n<p>Prof. Dr. Heber dos Santos Abreu (UFRRJ)<\/p>\n<p>Prof. Dr. Roberto Carlos Costa Lelis (UFRRJ)<\/p>\n<p>Prof(a). Dra. Rosilei Aparecida Garcia (UFRRJ)<\/p>\n<p><strong>FINALIDADE E OBJETIVO<\/strong><\/p>\n<p>A \u00e1rea de tecnologia e utiliza\u00e7\u00e3o de produtos florestais abrange estudos cient\u00edficos com a madeira e materiais lignocelul\u00f3sicos. A realiza\u00e7\u00e3o do I Simp\u00f3sio em Ci\u00eancia e Tecnologia da Madeira&nbsp; surge como um relevante evento para integrar pesquisadores e profissionais que trabalham e que desenvolvem pesquisa cient\u00edfica e tecnol\u00f3gica com madeira dentro do estado do Rio do Janeiro e do pa\u00eds. Sendo assim o evento se apresenta como de grande interesse para o desenvolvimento regional do setor&nbsp; florestal no estado e no Brasil.<\/p>\nngg_shortcode_0_placeholder\n","protected":false},"excerpt":{"rendered":"<p>I Simp\u00f3sio em Ci\u00eancia e Tecnologia da Madeira do RJ &nbsp; COMISS\u00c3O ORGANIZADORA: Prof. Dr. Jo\u00e3o Vicente de Figueiredo Latorraca <a class=\"read-more\" href=\"https:\/\/laboratorios.ufrrj.br\/npqm\/2008-i-simaderj\/ \" >&#8230; <span class=\"font-italic\">leia mais <i class=\"fas fa-angle-right\"><\/i><\/span><\/a><\/p>\n","protected":false},"author":9,"featured_media":0,"parent":0,"menu_order":0,"comment_status":"closed","ping_status":"closed","template":"","meta":{"_acf_changed":false,"ngg_post_thumbnail":0,"footnotes":""},"class_list":["post-960","page","type-page","status-publish","hentry"],"acf":[],"yoast_head":"<!-- This site is optimized with the Yoast SEO plugin v26.8 - https:\/\/yoast.com\/product\/yoast-seo-wordpress\/ -->\n<title>2008 - I SIMADERJ - N\u00facleo de Pesquisa em Qualidade de \u00c1rvores e Madeira<\/title>\n<meta name=\"robots\" content=\"index, follow, max-snippet:-1, max-image-preview:large, max-video-preview:-1\" \/>\n<link rel=\"canonical\" href=\"https:\/\/laboratorios.ufrrj.br\/npqm\/2008-i-simaderj\/\" \/>\n<meta property=\"og:locale\" content=\"pt_BR\" \/>\n<meta property=\"og:type\" content=\"article\" \/>\n<meta property=\"og:title\" content=\"2008 - I SIMADERJ - N\u00facleo de Pesquisa em Qualidade de \u00c1rvores e Madeira\" \/>\n<meta property=\"og:description\" content=\"I Simp\u00f3sio em Ci\u00eancia e Tecnologia da Madeira do RJ &nbsp; COMISS\u00c3O ORGANIZADORA: Prof. Dr. Jo\u00e3o Vicente de Figueiredo Latorraca ... leia mais\" \/>\n<meta property=\"og:url\" content=\"https:\/\/laboratorios.ufrrj.br\/npqm\/2008-i-simaderj\/\" \/>\n<meta property=\"og:site_name\" content=\"N\u00facleo de Pesquisa em Qualidade de \u00c1rvores e Madeira\" \/>\n<meta property=\"og:image\" content=\"https:\/\/laboratorios.ufrrj.br\/npqm\/wp-content\/uploads\/sites\/4\/2019\/03\/panfleto.jpg\" \/>\n\t<meta property=\"og:image:width\" content=\"738\" \/>\n\t<meta property=\"og:image:height\" content=\"992\" \/>\n\t<meta property=\"og:image:type\" content=\"image\/jpeg\" \/>\n<meta name=\"twitter:card\" content=\"summary_large_image\" \/>\n<meta name=\"twitter:label1\" content=\"Est. tempo de leitura\" \/>\n\t<meta name=\"twitter:data1\" content=\"1 minuto\" \/>\n<script type=\"application\/ld+json\" class=\"yoast-schema-graph\">{\"@context\":\"https:\/\/schema.org\",\"@graph\":[{\"@type\":\"WebPage\",\"@id\":\"https:\/\/laboratorios.ufrrj.br\/npqm\/2008-i-simaderj\/\",\"url\":\"https:\/\/laboratorios.ufrrj.br\/npqm\/2008-i-simaderj\/\",\"name\":\"2008 - I SIMADERJ - N\u00facleo de Pesquisa em Qualidade de \u00c1rvores e Madeira\",\"isPartOf\":{\"@id\":\"https:\/\/laboratorios.ufrrj.br\/npqm\/#website\"},\"primaryImageOfPage\":{\"@id\":\"https:\/\/laboratorios.ufrrj.br\/npqm\/2008-i-simaderj\/#primaryimage\"},\"image\":{\"@id\":\"https:\/\/laboratorios.ufrrj.br\/npqm\/2008-i-simaderj\/#primaryimage\"},\"thumbnailUrl\":\"http:\/\/laboratorios.ufrrj.br\/npqm\/wp-content\/uploads\/sites\/4\/2019\/03\/panfleto-223x300.jpg\",\"datePublished\":\"2019-06-13T17:48:36+00:00\",\"breadcrumb\":{\"@id\":\"https:\/\/laboratorios.ufrrj.br\/npqm\/2008-i-simaderj\/#breadcrumb\"},\"inLanguage\":\"pt-BR\",\"potentialAction\":[{\"@type\":\"ReadAction\",\"target\":[\"https:\/\/laboratorios.ufrrj.br\/npqm\/2008-i-simaderj\/\"]}]},{\"@type\":\"ImageObject\",\"inLanguage\":\"pt-BR\",\"@id\":\"https:\/\/laboratorios.ufrrj.br\/npqm\/2008-i-simaderj\/#primaryimage\",\"url\":\"https:\/\/laboratorios.ufrrj.br\/npqm\/wp-content\/uploads\/sites\/4\/2019\/03\/panfleto.jpg\",\"contentUrl\":\"https:\/\/laboratorios.ufrrj.br\/npqm\/wp-content\/uploads\/sites\/4\/2019\/03\/panfleto.jpg\",\"width\":738,\"height\":992},{\"@type\":\"BreadcrumbList\",\"@id\":\"https:\/\/laboratorios.ufrrj.br\/npqm\/2008-i-simaderj\/#breadcrumb\",\"itemListElement\":[{\"@type\":\"ListItem\",\"position\":1,\"name\":\"In\u00edcio\",\"item\":\"https:\/\/laboratorios.ufrrj.br\/npqm\/\"},{\"@type\":\"ListItem\",\"position\":2,\"name\":\"2008 &#8212; I SIMADERJ\"}]},{\"@type\":\"WebSite\",\"@id\":\"https:\/\/laboratorios.ufrrj.br\/npqm\/#website\",\"url\":\"https:\/\/laboratorios.ufrrj.br\/npqm\/\",\"name\":\"N\u00facleo de Pesquisa em Qualidade de \u00c1rvores e Madeira\",\"description\":\"\",\"publisher\":{\"@id\":\"https:\/\/laboratorios.ufrrj.br\/npqm\/#organization\"},\"potentialAction\":[{\"@type\":\"SearchAction\",\"target\":{\"@type\":\"EntryPoint\",\"urlTemplate\":\"https:\/\/laboratorios.ufrrj.br\/npqm\/?s={search_term_string}\"},\"query-input\":{\"@type\":\"PropertyValueSpecification\",\"valueRequired\":true,\"valueName\":\"search_term_string\"}}],\"inLanguage\":\"pt-BR\"},{\"@type\":\"Organization\",\"@id\":\"https:\/\/laboratorios.ufrrj.br\/npqm\/#organization\",\"name\":\"UFRRJ - Universidade Federal Rural do Rio de Janeiro\",\"url\":\"https:\/\/laboratorios.ufrrj.br\/npqm\/\",\"logo\":{\"@type\":\"ImageObject\",\"inLanguage\":\"pt-BR\",\"@id\":\"https:\/\/laboratorios.ufrrj.br\/npqm\/#\/schema\/logo\/image\/\",\"url\":\"https:\/\/laboratorios.ufrrj.br\/npqm\/wp-content\/uploads\/sites\/4\/2025\/07\/LOGO_NPQAM2.png\",\"contentUrl\":\"https:\/\/laboratorios.ufrrj.br\/npqm\/wp-content\/uploads\/sites\/4\/2025\/07\/LOGO_NPQAM2.png\",\"width\":1806,\"height\":1806,\"caption\":\"UFRRJ - Universidade Federal Rural do Rio de Janeiro\"},\"image\":{\"@id\":\"https:\/\/laboratorios.ufrrj.br\/npqm\/#\/schema\/logo\/image\/\"}}]}<\/script>\n<!-- \/ Yoast SEO plugin. -->","yoast_head_json":{"title":"2008 - I SIMADERJ - N\u00facleo de Pesquisa em Qualidade de \u00c1rvores e Madeira","robots":{"index":"index","follow":"follow","max-snippet":"max-snippet:-1","max-image-preview":"max-image-preview:large","max-video-preview":"max-video-preview:-1"},"canonical":"https:\/\/laboratorios.ufrrj.br\/npqm\/2008-i-simaderj\/","og_locale":"pt_BR","og_type":"article","og_title":"2008 - I SIMADERJ - N\u00facleo de Pesquisa em Qualidade de \u00c1rvores e Madeira","og_description":"I Simp\u00f3sio em Ci\u00eancia e Tecnologia da Madeira do RJ &nbsp; COMISS\u00c3O ORGANIZADORA: Prof. Dr. Jo\u00e3o Vicente de Figueiredo Latorraca ... leia mais","og_url":"https:\/\/laboratorios.ufrrj.br\/npqm\/2008-i-simaderj\/","og_site_name":"N\u00facleo de Pesquisa em Qualidade de \u00c1rvores e Madeira","og_image":[{"width":738,"height":992,"url":"https:\/\/laboratorios.ufrrj.br\/npqm\/wp-content\/uploads\/sites\/4\/2019\/03\/panfleto.jpg","type":"image\/jpeg"}],"twitter_card":"summary_large_image","twitter_misc":{"Est. tempo de leitura":"1 minuto"},"schema":{"@context":"https:\/\/schema.org","@graph":[{"@type":"WebPage","@id":"https:\/\/laboratorios.ufrrj.br\/npqm\/2008-i-simaderj\/","url":"https:\/\/laboratorios.ufrrj.br\/npqm\/2008-i-simaderj\/","name":"2008 - I SIMADERJ - N\u00facleo de Pesquisa em Qualidade de \u00c1rvores e Madeira","isPartOf":{"@id":"https:\/\/laboratorios.ufrrj.br\/npqm\/#website"},"primaryImageOfPage":{"@id":"https:\/\/laboratorios.ufrrj.br\/npqm\/2008-i-simaderj\/#primaryimage"},"image":{"@id":"https:\/\/laboratorios.ufrrj.br\/npqm\/2008-i-simaderj\/#primaryimage"},"thumbnailUrl":"http:\/\/laboratorios.ufrrj.br\/npqm\/wp-content\/uploads\/sites\/4\/2019\/03\/panfleto-223x300.jpg","datePublished":"2019-06-13T17:48:36+00:00","breadcrumb":{"@id":"https:\/\/laboratorios.ufrrj.br\/npqm\/2008-i-simaderj\/#breadcrumb"},"inLanguage":"pt-BR","potentialAction":[{"@type":"ReadAction","target":["https:\/\/laboratorios.ufrrj.br\/npqm\/2008-i-simaderj\/"]}]},{"@type":"ImageObject","inLanguage":"pt-BR","@id":"https:\/\/laboratorios.ufrrj.br\/npqm\/2008-i-simaderj\/#primaryimage","url":"https:\/\/laboratorios.ufrrj.br\/npqm\/wp-content\/uploads\/sites\/4\/2019\/03\/panfleto.jpg","contentUrl":"https:\/\/laboratorios.ufrrj.br\/npqm\/wp-content\/uploads\/sites\/4\/2019\/03\/panfleto.jpg","width":738,"height":992},{"@type":"BreadcrumbList","@id":"https:\/\/laboratorios.ufrrj.br\/npqm\/2008-i-simaderj\/#breadcrumb","itemListElement":[{"@type":"ListItem","position":1,"name":"In\u00edcio","item":"https:\/\/laboratorios.ufrrj.br\/npqm\/"},{"@type":"ListItem","position":2,"name":"2008 &#8212; I SIMADERJ"}]},{"@type":"WebSite","@id":"https:\/\/laboratorios.ufrrj.br\/npqm\/#website","url":"https:\/\/laboratorios.ufrrj.br\/npqm\/","name":"N\u00facleo de Pesquisa em Qualidade de \u00c1rvores e Madeira","description":"","publisher":{"@id":"https:\/\/laboratorios.ufrrj.br\/npqm\/#organization"},"potentialAction":[{"@type":"SearchAction","target":{"@type":"EntryPoint","urlTemplate":"https:\/\/laboratorios.ufrrj.br\/npqm\/?s={search_term_string}"},"query-input":{"@type":"PropertyValueSpecification","valueRequired":true,"valueName":"search_term_string"}}],"inLanguage":"pt-BR"},{"@type":"Organization","@id":"https:\/\/laboratorios.ufrrj.br\/npqm\/#organization","name":"UFRRJ - Universidade Federal Rural do Rio de Janeiro","url":"https:\/\/laboratorios.ufrrj.br\/npqm\/","logo":{"@type":"ImageObject","inLanguage":"pt-BR","@id":"https:\/\/laboratorios.ufrrj.br\/npqm\/#\/schema\/logo\/image\/","url":"https:\/\/laboratorios.ufrrj.br\/npqm\/wp-content\/uploads\/sites\/4\/2025\/07\/LOGO_NPQAM2.png","contentUrl":"https:\/\/laboratorios.ufrrj.br\/npqm\/wp-content\/uploads\/sites\/4\/2025\/07\/LOGO_NPQAM2.png","width":1806,"height":1806,"caption":"UFRRJ - Universidade Federal Rural do Rio de Janeiro"},"image":{"@id":"https:\/\/laboratorios.ufrrj.br\/npqm\/#\/schema\/logo\/image\/"}}]}},"_links":{"self":[{"href":"https:\/\/laboratorios.ufrrj.br\/npqm\/wp-json\/wp\/v2\/pages\/960","targetHints":{"allow":["GET"]}}],"collection":[{"href":"https:\/\/laboratorios.ufrrj.br\/npqm\/wp-json\/wp\/v2\/pages"}],"about":[{"href":"https:\/\/laboratorios.ufrrj.br\/npqm\/wp-json\/wp\/v2\/types\/page"}],"author":[{"embeddable":true,"href":"https:\/\/laboratorios.ufrrj.br\/npqm\/wp-json\/wp\/v2\/users\/9"}],"replies":[{"embeddable":true,"href":"https:\/\/laboratorios.ufrrj.br\/npqm\/wp-json\/wp\/v2\/comments?post=960"}],"version-history":[{"count":1,"href":"https:\/\/laboratorios.ufrrj.br\/npqm\/wp-json\/wp\/v2\/pages\/960\/revisions"}],"predecessor-version":[{"id":961,"href":"https:\/\/laboratorios.ufrrj.br\/npqm\/wp-json\/wp\/v2\/pages\/960\/revisions\/961"}],"wp:attachment":[{"href":"https:\/\/laboratorios.ufrrj.br\/npqm\/wp-json\/wp\/v2\/media?parent=960"}],"curies":[{"name":"wp","href":"https:\/\/api.w.org\/{rel}","templated":true}]}}