{"id":3346,"date":"2024-07-30T14:07:30","date_gmt":"2024-07-30T14:07:30","guid":{"rendered":"https:\/\/laboratorios.ufrrj.br\/npqm\/?page_id=3346"},"modified":"2024-07-30T14:12:17","modified_gmt":"2024-07-30T14:12:17","slug":"equipamentos-multiusuarios","status":"publish","type":"page","link":"https:\/\/laboratorios.ufrrj.br\/npqm\/equipamentos-multiusuarios\/","title":{"rendered":"Equipamentos Multiusu\u00e1rios"},"content":{"rendered":"<p>&nbsp;<\/p>\n<p>&nbsp;<\/p>\n<table width=\"1101\">\n<tbody>\n<tr>\n<td style=\"text-align: center;\" width=\"652\"><strong>EQUIPAMENTO<\/strong><\/td>\n<td style=\"text-align: center;\" width=\"226\"><strong>REGISTRO<\/strong><\/td>\n<td style=\"text-align: center;\" width=\"223\"><strong>LABORAT\u00d3RIO<\/strong><\/td>\n<\/tr>\n<tr>\n<td>Afiador autom\u00e1tico de navalhas&nbsp;<\/td>\n<td>RM&nbsp; 255780<\/td>\n<td>Anatomia e qualidade da madeira<\/td>\n<\/tr>\n<tr>\n<td width=\"652\">AGITADOR MAG. C\/ AQUEC.4L 360\u00baC<\/td>\n<td width=\"226\">RM 317588<\/td>\n<td>Preserva\u00e7\u00e3o da Madeira<\/td>\n<\/tr>\n<tr>\n<td>Agitador magn\u00e9tico&nbsp;<\/td>\n<td>RM 229537<\/td>\n<td>Biorrefinaria Lignocelul\u00f3sica<\/td>\n<\/tr>\n<tr>\n<td>Agitador magn\u00e9tico de temperatura constante<\/td>\n<td>RM 298425<\/td>\n<td>Biorrefinaria Lignocelul\u00f3sica<\/td>\n<\/tr>\n<tr>\n<td>Atrito<\/td>\n<td>RM&nbsp; 296.154<\/td>\n<td>Biorrefinaria Lignocelul\u00f3sica<\/td>\n<\/tr>\n<tr>\n<td>Autoclave&nbsp;<\/td>\n<td>RM&nbsp; 150943<\/td>\n<td>Anatomia e qualidade da madeira<\/td>\n<\/tr>\n<tr>\n<td width=\"652\">Autoclave anal\u00f3gica&nbsp; vertical de 75 litros<\/td>\n<td width=\"226\">RM 317593<\/td>\n<td>Preserva\u00e7\u00e3o da Madeira<\/td>\n<\/tr>\n<tr>\n<td>B.O.D<\/td>\n<td>RM&nbsp; 269662<\/td>\n<td>Biorrefinaria Lignocelul\u00f3sica<\/td>\n<\/tr>\n<tr>\n<td>B.O.D<\/td>\n<td>RM 269664<\/td>\n<td>Biorrefinaria Lignocelul\u00f3sica<\/td>\n<\/tr>\n<tr>\n<td>B.O.D<\/td>\n<td>RM&nbsp; 269663<\/td>\n<td>Biorrefinaria Lignocelul\u00f3sica<\/td>\n<\/tr>\n<tr>\n<td>Balan\u00e7a<\/td>\n<td>RM 1472192<\/td>\n<td>Biorrefinaria Lignocelul\u00f3sica<\/td>\n<\/tr>\n<tr>\n<td>Balan\u00e7a<\/td>\n<td>RM 298414<\/td>\n<td>Biorrefinaria Lignocelul\u00f3sica<\/td>\n<\/tr>\n<tr>\n<td>Balan\u00e7a<\/td>\n<td>RM&nbsp; 224608<\/td>\n<td>Biorrefinaria Lignocelul\u00f3sica<\/td>\n<\/tr>\n<tr>\n<td>Balan\u00e7a&nbsp;<\/td>\n<td>RM&nbsp; 193918<\/td>\n<td>Biorrefinaria Lignocelul\u00f3sica<\/td>\n<\/tr>\n<tr>\n<td>Balan\u00e7a&nbsp;<\/td>\n<td>RM&nbsp; 239255<\/td>\n<td>Biorrefinaria Lignocelul\u00f3sica<\/td>\n<\/tr>\n<tr>\n<td>Balan\u00e7a anal\u00edtica<\/td>\n<td>RM&nbsp; 13.883.778<\/td>\n<td>Biorrefinaria Lignocelul\u00f3sica<\/td>\n<\/tr>\n<tr>\n<td>Balan\u00e7a anal\u00edtica<\/td>\n<td>RM&nbsp; 296349<\/td>\n<td>Secagem da Madeira<\/td>\n<\/tr>\n<tr>\n<td>Balan\u00e7a de Infravermelho<\/td>\n<td>RM 54.106<\/td>\n<td>Biorrefinaria Lignocelul\u00f3sica<\/td>\n<\/tr>\n<tr>\n<td>Balan\u00e7a de precis\u00e3o<\/td>\n<td>RM&nbsp; 312110<\/td>\n<td>Anatomia e qualidade da madeira<\/td>\n<\/tr>\n<tr>\n<td width=\"652\">Balan\u00e7a de precis\u00e3o, cap. 2100g, resolu\u00e7\u00e3o 0,01b, marca Biprecisa.<\/td>\n<td width=\"226\">RM 242,628<\/td>\n<td>Preserva\u00e7\u00e3o da Madeira<\/td>\n<\/tr>\n<tr>\n<td>Balan\u00e7a eletr\u00f4nica AY 220<\/td>\n<td>RM 254510<\/td>\n<td>Biorrefinaria Lignocelul\u00f3sica<\/td>\n<\/tr>\n<tr>\n<td>Balan\u00e7a eletr\u00f4nica FA &#8211; 2104 N<\/td>\n<td>RM 246984<\/td>\n<td>Biorrefinaria Lignocelul\u00f3sica<\/td>\n<\/tr>\n<tr>\n<td>C\u00e2mara climatizada<\/td>\n<td>RM&nbsp; 273985<\/td>\n<td>Biorrefinaria Lignocelul\u00f3sica<\/td>\n<\/tr>\n<tr>\n<td>C\u00e2mara de intemperismo<\/td>\n<td>RM&nbsp; 290678<\/td>\n<td>Secagem da Madeira<\/td>\n<\/tr>\n<tr>\n<td>Capela de exaust\u00e3o de gases<\/td>\n<td>RM&nbsp; 250086<\/td>\n<td>Biorrefinaria Lignocelul\u00f3sica<\/td>\n<\/tr>\n<tr>\n<td>Capela de fluxo laminar<\/td>\n<td>RM&nbsp; 290678<\/td>\n<td>Secagem da Madeira<\/td>\n<\/tr>\n<tr>\n<td width=\"652\">Capela de fluxo laminar unidirecional horizontal<\/td>\n<td width=\"226\">RM 317592<\/td>\n<td>Preserva\u00e7\u00e3o da Madeira<\/td>\n<\/tr>\n<tr>\n<td>Capela para exaust\u00e3o de gases<\/td>\n<td>RM 287214<\/td>\n<td>Biorrefinaria Lignocelul\u00f3sica<\/td>\n<\/tr>\n<tr>\n<td>Capela para exaust\u00e3o de gases<\/td>\n<td>RM 296149<\/td>\n<td>Biorrefinaria Lignocelul\u00f3sica<\/td>\n<\/tr>\n<tr>\n<td>Centr\u00edfuga 3k30<\/td>\n<td>RM 227658<\/td>\n<td>Biorrefinaria Lignocelul\u00f3sica<\/td>\n<\/tr>\n<tr>\n<td>Centr\u00edfuga J-25<\/td>\n<td>RM 223296<\/td>\n<td>Biorrefinaria Lignocelul\u00f3sica<\/td>\n<\/tr>\n<tr>\n<td>Centr\u00edfuga refrigerada<\/td>\n<td>RM&nbsp; 6306<\/td>\n<td>Biorrefinaria Lignocelul\u00f3sica<\/td>\n<\/tr>\n<tr>\n<td>Classificador de cavacos<\/td>\n<td>RM&nbsp; 6.327<\/td>\n<td>Biorrefinaria Lignocelul\u00f3sica<\/td>\n<\/tr>\n<tr>\n<td>Classificadora de part\u00edculas agitador de peneiras<\/td>\n<td>RM 233783&nbsp;<\/td>\n<td>Secagem da Madeira<\/td>\n<\/tr>\n<tr>\n<td width=\"652\">Computador core I5, Geracao 2 6 GHz 4 4GHz Turbo<\/td>\n<td width=\"226\">RM 317594<\/td>\n<td>Preserva\u00e7\u00e3o da Madeira<\/td>\n<\/tr>\n<tr>\n<td>Deionizador<\/td>\n<td>RM&nbsp; 310321<\/td>\n<td>Biorrefinaria Lignocelul\u00f3sica<\/td>\n<\/tr>\n<tr>\n<td>Deionizador<\/td>\n<td>RM&nbsp; 296356<\/td>\n<td>Biorrefinaria Lignocelul\u00f3sica<\/td>\n<\/tr>\n<tr>\n<td>Densit\u00f4metro de Raio X&nbsp;<\/td>\n<td>RM&nbsp; 271274<\/td>\n<td>Dendrocronologia<\/td>\n<\/tr>\n<tr>\n<td>Depurador de polpa celul\u00f3sica<\/td>\n<td>RM 6266<\/td>\n<td>Biorrefinaria Lignocelul\u00f3sica<\/td>\n<\/tr>\n<tr>\n<td>Desagregador de polpa celul\u00f3sica<\/td>\n<td>RM 6325<\/td>\n<td>Biorrefinaria Lignocelul\u00f3sica<\/td>\n<\/tr>\n<tr>\n<td>Destilador Soxhlet<\/td>\n<td>RM 7159<\/td>\n<td>Biorrefinaria Lignocelul\u00f3sica<\/td>\n<\/tr>\n<tr>\n<td>Digestor de polpa celul\u00f3sica<\/td>\n<td>RM 150943<\/td>\n<td>Biorrefinaria Lignocelul\u00f3sica<\/td>\n<\/tr>\n<tr>\n<td>Dinam\u00f4metro<\/td>\n<td>RM 296.123<\/td>\n<td>Biorrefinaria Lignocelul\u00f3sica<\/td>\n<\/tr>\n<tr>\n<td>Escaner de alta resolu\u00e7\u00e3o<\/td>\n<td>RM&nbsp; 254509<\/td>\n<td>Dendrocronologia<\/td>\n<\/tr>\n<tr>\n<td>Espectrofot\u00f4metro B582<\/td>\n<td>RM 223729<\/td>\n<td>Biorrefinaria Lignocelul\u00f3sica<\/td>\n<\/tr>\n<tr>\n<td>Espectrofot\u00f4metro UV-VIS 190-1000 nm<\/td>\n<td>RM 312113<\/td>\n<td>Biorrefinaria Lignocelul\u00f3sica<\/td>\n<\/tr>\n<tr>\n<td width=\"652\">Estereomicrosc\u00f3pio Bausch Lomb S\/A, est\u00e9reo zoom, mod. 3AVB 125.<\/td>\n<td width=\"226\">RM 179,038<\/td>\n<td>Preserva\u00e7\u00e3o da Madeira<\/td>\n<\/tr>\n<tr>\n<td width=\"652\">Estereomicrosc\u00f3pio Bausch Lomb S\/A, est\u00e9reo zoom, mod. 3AVB 125.<\/td>\n<td width=\"226\">RM 179,04<\/td>\n<td>Preserva\u00e7\u00e3o da Madeira<\/td>\n<\/tr>\n<tr>\n<td width=\"652\">Estereomicrosc\u00f3pio Bausch Lomb S\/A, est\u00e9reo zoom, mod. 3AVB 125.<\/td>\n<td width=\"226\">RM 179,039<\/td>\n<td>Preserva\u00e7\u00e3o da Madeira<\/td>\n<\/tr>\n<tr>\n<td>Estereosc\u00f3pio trinocular com sistema de captura de imagem&nbsp;<\/td>\n<td>RM&nbsp; 287580<\/td>\n<td>Anatomia e qualidade da madeira<\/td>\n<\/tr>\n<tr>\n<td>Estufa<\/td>\n<td>RM 150340<\/td>\n<td>Biorrefinaria Lignocelul\u00f3sica<\/td>\n<\/tr>\n<tr>\n<td>Estufa<\/td>\n<td>RM 101137<\/td>\n<td>Biorrefinaria Lignocelul\u00f3sica<\/td>\n<\/tr>\n<tr>\n<td>Estufa<\/td>\n<td>RM 224.206<\/td>\n<td>Biorrefinaria Lignocelul\u00f3sica<\/td>\n<\/tr>\n<tr>\n<td>Estufa de circula\u00e7\u00e3o for\u00e7ada de laborat\u00f3rio&nbsp;<\/td>\n<td>RM&nbsp; 296752<\/td>\n<td>Secagem da Madeira<\/td>\n<\/tr>\n<tr>\n<td>Estufa de esteriliza\u00e7\u00e3o<\/td>\n<td>RM 318.011<\/td>\n<td>Biorrefinaria Lignocelul\u00f3sica<\/td>\n<\/tr>\n<tr>\n<td>Estufa de secagem para 4 m3 de madeiras e para secagem de part\u00edculas de madeira, com CLP&nbsp;<\/td>\n<td>Processo CNPQ 470092\/2004-1<\/td>\n<td>Secagem da Madeira<\/td>\n<\/tr>\n<tr>\n<td width=\"652\">ESTUFA PARA SECAGEM E ESTERILIZA\u00c7\u00c3O<\/td>\n<td width=\"226\">RM 296,372<\/td>\n<td>Preserva\u00e7\u00e3o da Madeira<\/td>\n<\/tr>\n<tr>\n<td>Formador de folhas autom\u00e1tico<\/td>\n<td>RM 6293<\/td>\n<td>Biorrefinaria Lignocelul\u00f3sica<\/td>\n<\/tr>\n<tr>\n<td>Formadora de folha manual<\/td>\n<td>RM 52397<\/td>\n<td>Biorrefinaria Lignocelul\u00f3sica<\/td>\n<\/tr>\n<tr>\n<td>Frezadora<\/td>\n<td>RM&nbsp; 290681<\/td>\n<td>Dendrocronologia<\/td>\n<\/tr>\n<tr>\n<td>Furadeira&nbsp;<\/td>\n<td>RM&nbsp; 289047<\/td>\n<td>Biorrefinaria Lignocelul\u00f3sica<\/td>\n<\/tr>\n<tr>\n<td>Incubadora<\/td>\n<td>RM&nbsp; 289718<\/td>\n<td>Secagem da Madeira<\/td>\n<\/tr>\n<tr>\n<td>Lixadeira<\/td>\n<td>RM&nbsp; 250095<\/td>\n<td>Dendrocronologia<\/td>\n<\/tr>\n<tr>\n<td>Lixadeira de bancada&nbsp;<\/td>\n<td>RM&nbsp; 250095<\/td>\n<td>Processamento da Madeira<\/td>\n<\/tr>\n<tr>\n<td width=\"652\">LIXADEIRA DE FITA\/DISCO-220V 18368 RAZI<\/td>\n<td width=\"226\">RM 317600<\/td>\n<td>Preserva\u00e7\u00e3o da Madeira<\/td>\n<\/tr>\n<tr>\n<td>Lixadeira orbital&nbsp;<\/td>\n<td>RM&nbsp; 250094<\/td>\n<td>Processamento da Madeira<\/td>\n<\/tr>\n<tr>\n<td width=\"652\">manta aquecedora<\/td>\n<td width=\"226\">RM 317,704<\/td>\n<td>Preserva\u00e7\u00e3o da Madeira<\/td>\n<\/tr>\n<tr>\n<td width=\"652\">manta aquecedora<\/td>\n<td width=\"226\">RM 317,699<\/td>\n<td>Preserva\u00e7\u00e3o da Madeira<\/td>\n<\/tr>\n<tr>\n<td>Manta aquecedora com agita\u00e7\u00e3o<\/td>\n<td>RM 318223<\/td>\n<td>Biorrefinaria Lignocelul\u00f3sica<\/td>\n<\/tr>\n<tr>\n<td>Manta de aquecimento<\/td>\n<td>RM 317694<\/td>\n<td>Biorrefinaria Lignocelul\u00f3sica<\/td>\n<\/tr>\n<tr>\n<td>Manta de aquecimento<\/td>\n<td>RM 317700<\/td>\n<td>Biorrefinaria Lignocelul\u00f3sica<\/td>\n<\/tr>\n<tr>\n<td>Manta de aquecimento<\/td>\n<td>RM 298418<\/td>\n<td>Biorrefinaria Lignocelul\u00f3sica<\/td>\n<\/tr>\n<tr>\n<td>Medidor de Espessura<\/td>\n<td>RM 296.128<\/td>\n<td>Biorrefinaria Lignocelul\u00f3sica<\/td>\n<\/tr>\n<tr>\n<td>Medidor de Fric\u00e7\u00e3o<\/td>\n<td>RM 296.150<\/td>\n<td>Biorrefinaria Lignocelul\u00f3sica<\/td>\n<\/tr>\n<tr>\n<td>Medidor de Rasgo<\/td>\n<td>RM 296.163<\/td>\n<td>Biorrefinaria Lignocelul\u00f3sica<\/td>\n<\/tr>\n<tr>\n<td>Medidor de Resistencia a Passagem de Ar<\/td>\n<td>RM 296.166<\/td>\n<td>Biorrefinaria Lignocelul\u00f3sica<\/td>\n<\/tr>\n<tr>\n<td>Medidor de resist\u00eancia ao estouro&nbsp;<\/td>\n<td>RM 296.124<\/td>\n<td>Biorrefinaria Lignocelul\u00f3sica<\/td>\n<\/tr>\n<tr>\n<td>Medidor de Rigidez<\/td>\n<td>RM 296.120<\/td>\n<td>Biorrefinaria Lignocelul\u00f3sica<\/td>\n<\/tr>\n<tr>\n<td>Mesa de medi\u00e7\u00e3o de an\u00e9is de crescimento Velmex&nbsp;<\/td>\n<td>RM&nbsp; 271274<\/td>\n<td>Dendrocronologia<\/td>\n<\/tr>\n<tr>\n<td>Micr\u00f4metros e paqu\u00edmetros digitais&nbsp;<\/td>\n<td>RM&nbsp; 308362, 308365, 308364, 308367<\/td>\n<td>Secagem da Madeira<\/td>\n<\/tr>\n<tr>\n<td>Microsc\u00f3pio campo claro\/luz polarizada\/fluorescencia&nbsp;<\/td>\n<td>RM&nbsp; 267724&nbsp;&nbsp;<\/td>\n<td>Anatomia e qualidade da madeira<\/td>\n<\/tr>\n<tr>\n<td width=\"652\">MICROSCOPIO ESTEREOSCOPIO CABE\u00c7OTE BINOCULAR<\/td>\n<td width=\"226\">RM 298,748<\/td>\n<td>Preserva\u00e7\u00e3o da Madeira<\/td>\n<\/tr>\n<tr>\n<td width=\"652\">MICROSCOPIO ESTEREOSCOPIO CABE\u00c7OTE BINOCULAR<\/td>\n<td width=\"226\">RM 298,749<\/td>\n<td>Preserva\u00e7\u00e3o da Madeira<\/td>\n<\/tr>\n<tr>\n<td width=\"652\">MICROSCOPIO ESTEREOSCOPIO CABE\u00c7OTE BINOCULAR<\/td>\n<td width=\"226\">RM 298,75<\/td>\n<td>Preserva\u00e7\u00e3o da Madeira<\/td>\n<\/tr>\n<tr>\n<td width=\"652\">MICROSCOPIO ESTEREOSCOPIO CABE\u00c7OTE BINOCULAR<\/td>\n<td width=\"226\">RM 298,751<\/td>\n<td>Preserva\u00e7\u00e3o da Madeira<\/td>\n<\/tr>\n<tr>\n<td width=\"652\">MICROSCOPIO ESTEREOSCOPIO CABE\u00c7OTE BINOCULAR<\/td>\n<td width=\"226\">RM 298,752<\/td>\n<td>Preserva\u00e7\u00e3o da Madeira<\/td>\n<\/tr>\n<tr>\n<td width=\"652\">MICROSCOPIO ESTEREOSCOPIO CABE\u00c7OTE BINOCULAR<\/td>\n<td width=\"226\">RM 298,753<\/td>\n<td>Preserva\u00e7\u00e3o da Madeira<\/td>\n<\/tr>\n<tr>\n<td width=\"652\">MICROSCOPIO ESTEREOSCOPIO CABE\u00c7OTE BINOCULAR<\/td>\n<td width=\"226\">RM 298,754<\/td>\n<td>Preserva\u00e7\u00e3o da Madeira<\/td>\n<\/tr>\n<tr>\n<td>Microsc\u00f3pio estereosc\u00f3pio de bra\u00e7o articulado&nbsp;<\/td>\n<td>RM&nbsp; 250097&nbsp;<\/td>\n<td>Dendrocronologia<\/td>\n<\/tr>\n<tr>\n<td>Micr\u00f3tomos de deslizamento&nbsp;<\/td>\n<td>RM&nbsp; 235609<\/td>\n<td>Anatomia e qualidade da madeira<\/td>\n<\/tr>\n<tr>\n<td>Mufla<\/td>\n<td>RM 101136<\/td>\n<td>Biorrefinaria Lignocelul\u00f3sica<\/td>\n<\/tr>\n<tr>\n<td>Mufla<\/td>\n<td>RM 193911<\/td>\n<td>Biorrefinaria Lignocelul\u00f3sica<\/td>\n<\/tr>\n<tr>\n<td>Mufla de 1m3&nbsp;<\/td>\n<td>RM&nbsp; 225661<\/td>\n<td>Secagem da Madeira<\/td>\n<\/tr>\n<tr>\n<td>pHmetro<\/td>\n<td>RM 6289<\/td>\n<td>Biorrefinaria Lignocelul\u00f3sica<\/td>\n<\/tr>\n<tr>\n<td>pHmetro<\/td>\n<td>RM 6288<\/td>\n<td>Biorrefinaria Lignocelul\u00f3sica<\/td>\n<\/tr>\n<tr>\n<td>Prensa de remo\u00e7\u00e3o de \u00e1gua<\/td>\n<td>RM 6300<\/td>\n<td>Biorrefinaria Lignocelul\u00f3sica<\/td>\n<\/tr>\n<tr>\n<td>Prensa hidr\u00e1ulica&nbsp;<\/td>\n<td>RM&nbsp; 282232&nbsp;<\/td>\n<td>Pain\u00e9is de madeira<\/td>\n<\/tr>\n<tr>\n<td>Refinador Bauer<\/td>\n<td>RM 151413<\/td>\n<td>Biorrefinaria Lignocelul\u00f3sica<\/td>\n<\/tr>\n<tr>\n<td>Schopper Riegler<\/td>\n<td>RM 6305<\/td>\n<td>Biorrefinaria Lignocelul\u00f3sica<\/td>\n<\/tr>\n<tr>\n<td>Secador de consist\u00eancia<\/td>\n<td>RM 6286<\/td>\n<td>Biorrefinaria Lignocelul\u00f3sica<\/td>\n<\/tr>\n<tr>\n<td>Serra circular<\/td>\n<td>RM&nbsp; 251796<\/td>\n<td>Processamento da Madeira<\/td>\n<\/tr>\n<tr>\n<td width=\"652\">SERRA CIRCULAR 10POLC\/MESA<\/td>\n<td width=\"226\">RM 317599<\/td>\n<td>Preserva\u00e7\u00e3o da Madeira<\/td>\n<\/tr>\n<tr>\n<td>Serra de Fita<\/td>\n<td>RM&nbsp; 281700<\/td>\n<td>Secagem da Madeira<\/td>\n<\/tr>\n<tr>\n<td>Serra de fita vertical Invicta<\/td>\n<td>RM&nbsp; 55146<\/td>\n<td>Processamento da Madeira<\/td>\n<\/tr>\n<tr>\n<td width=\"652\">SERRA FITA PROFC\/CAVALETE 750W 220V<\/td>\n<td width=\"226\">RM 317601<\/td>\n<td>Preserva\u00e7\u00e3o da Madeira<\/td>\n<\/tr>\n<tr>\n<td>Tom\u00f3grafo de Impulso<\/td>\n<td>RM&nbsp; 255778<\/td>\n<td>Anatomia e qualidade da madeira<\/td>\n<\/tr>\n<tr>\n<td>Torno laminador<\/td>\n<td>RM&nbsp; 294380<\/td>\n<td>Pain\u00e9is de madeira<\/td>\n<\/tr>\n<tr>\n<td>Ultrassom Ultra Test mod. BP-7<\/td>\n<td>RM&nbsp; 255779<\/td>\n<td>Biorrefinaria Lignocelul\u00f3sica<\/td>\n<\/tr>\n<tr>\n<td>Vortex<\/td>\n<td>RM 254804<\/td>\n<td>Biorrefinaria Lignocelul\u00f3sica<\/td>\n<\/tr>\n<\/tbody>\n<\/table>\n","protected":false},"excerpt":{"rendered":"<p>&nbsp; &nbsp; EQUIPAMENTO REGISTRO LABORAT\u00d3RIO Afiador autom\u00e1tico de navalhas&nbsp; RM&nbsp; 255780 Anatomia e qualidade da madeira AGITADOR MAG. C\/ AQUEC.4L <a class=\"read-more\" href=\"https:\/\/laboratorios.ufrrj.br\/npqm\/equipamentos-multiusuarios\/ \" >&#8230; <span class=\"font-italic\">leia mais <i class=\"fas fa-angle-right\"><\/i><\/span><\/a><\/p>\n","protected":false},"author":5,"featured_media":0,"parent":0,"menu_order":0,"comment_status":"closed","ping_status":"closed","template":"","meta":{"_acf_changed":false,"ngg_post_thumbnail":0,"footnotes":""},"class_list":["post-3346","page","type-page","status-publish","hentry"],"acf":[],"yoast_head":"<!-- This site is optimized with the Yoast SEO plugin v26.8 - https:\/\/yoast.com\/product\/yoast-seo-wordpress\/ -->\n<title>Equipamentos Multiusu\u00e1rios - N\u00facleo de Pesquisa em Qualidade de \u00c1rvores e Madeira<\/title>\n<meta name=\"robots\" content=\"index, follow, max-snippet:-1, max-image-preview:large, max-video-preview:-1\" \/>\n<link rel=\"canonical\" href=\"https:\/\/laboratorios.ufrrj.br\/npqm\/equipamentos-multiusuarios\/\" \/>\n<meta property=\"og:locale\" content=\"pt_BR\" \/>\n<meta property=\"og:type\" content=\"article\" \/>\n<meta property=\"og:title\" content=\"Equipamentos Multiusu\u00e1rios - N\u00facleo de Pesquisa em Qualidade de \u00c1rvores e Madeira\" \/>\n<meta property=\"og:description\" content=\"&nbsp; &nbsp; EQUIPAMENTO REGISTRO LABORAT\u00d3RIO Afiador autom\u00e1tico de navalhas&nbsp; RM&nbsp; 255780 Anatomia e qualidade da madeira AGITADOR MAG. C\/ AQUEC.4L ... leia mais\" \/>\n<meta property=\"og:url\" content=\"https:\/\/laboratorios.ufrrj.br\/npqm\/equipamentos-multiusuarios\/\" \/>\n<meta property=\"og:site_name\" content=\"N\u00facleo de Pesquisa em Qualidade de \u00c1rvores e Madeira\" \/>\n<meta property=\"article:modified_time\" content=\"2024-07-30T14:12:17+00:00\" \/>\n<meta name=\"twitter:card\" content=\"summary_large_image\" \/>\n<meta name=\"twitter:label1\" content=\"Est. tempo de leitura\" \/>\n\t<meta name=\"twitter:data1\" content=\"5 minutos\" \/>\n<script type=\"application\/ld+json\" class=\"yoast-schema-graph\">{\"@context\":\"https:\/\/schema.org\",\"@graph\":[{\"@type\":\"WebPage\",\"@id\":\"https:\/\/laboratorios.ufrrj.br\/npqm\/equipamentos-multiusuarios\/\",\"url\":\"https:\/\/laboratorios.ufrrj.br\/npqm\/equipamentos-multiusuarios\/\",\"name\":\"Equipamentos Multiusu\u00e1rios - N\u00facleo de Pesquisa em Qualidade de \u00c1rvores e Madeira\",\"isPartOf\":{\"@id\":\"https:\/\/laboratorios.ufrrj.br\/npqm\/#website\"},\"datePublished\":\"2024-07-30T14:07:30+00:00\",\"dateModified\":\"2024-07-30T14:12:17+00:00\",\"breadcrumb\":{\"@id\":\"https:\/\/laboratorios.ufrrj.br\/npqm\/equipamentos-multiusuarios\/#breadcrumb\"},\"inLanguage\":\"pt-BR\",\"potentialAction\":[{\"@type\":\"ReadAction\",\"target\":[\"https:\/\/laboratorios.ufrrj.br\/npqm\/equipamentos-multiusuarios\/\"]}]},{\"@type\":\"BreadcrumbList\",\"@id\":\"https:\/\/laboratorios.ufrrj.br\/npqm\/equipamentos-multiusuarios\/#breadcrumb\",\"itemListElement\":[{\"@type\":\"ListItem\",\"position\":1,\"name\":\"In\u00edcio\",\"item\":\"https:\/\/laboratorios.ufrrj.br\/npqm\/\"},{\"@type\":\"ListItem\",\"position\":2,\"name\":\"Equipamentos Multiusu\u00e1rios\"}]},{\"@type\":\"WebSite\",\"@id\":\"https:\/\/laboratorios.ufrrj.br\/npqm\/#website\",\"url\":\"https:\/\/laboratorios.ufrrj.br\/npqm\/\",\"name\":\"N\u00facleo de Pesquisa em Qualidade de \u00c1rvores e Madeira\",\"description\":\"\",\"publisher\":{\"@id\":\"https:\/\/laboratorios.ufrrj.br\/npqm\/#organization\"},\"potentialAction\":[{\"@type\":\"SearchAction\",\"target\":{\"@type\":\"EntryPoint\",\"urlTemplate\":\"https:\/\/laboratorios.ufrrj.br\/npqm\/?s={search_term_string}\"},\"query-input\":{\"@type\":\"PropertyValueSpecification\",\"valueRequired\":true,\"valueName\":\"search_term_string\"}}],\"inLanguage\":\"pt-BR\"},{\"@type\":\"Organization\",\"@id\":\"https:\/\/laboratorios.ufrrj.br\/npqm\/#organization\",\"name\":\"UFRRJ - Universidade Federal Rural do Rio de Janeiro\",\"url\":\"https:\/\/laboratorios.ufrrj.br\/npqm\/\",\"logo\":{\"@type\":\"ImageObject\",\"inLanguage\":\"pt-BR\",\"@id\":\"https:\/\/laboratorios.ufrrj.br\/npqm\/#\/schema\/logo\/image\/\",\"url\":\"https:\/\/laboratorios.ufrrj.br\/npqm\/wp-content\/uploads\/sites\/4\/2025\/07\/LOGO_NPQAM2.png\",\"contentUrl\":\"https:\/\/laboratorios.ufrrj.br\/npqm\/wp-content\/uploads\/sites\/4\/2025\/07\/LOGO_NPQAM2.png\",\"width\":1806,\"height\":1806,\"caption\":\"UFRRJ - Universidade Federal Rural do Rio de Janeiro\"},\"image\":{\"@id\":\"https:\/\/laboratorios.ufrrj.br\/npqm\/#\/schema\/logo\/image\/\"}}]}<\/script>\n<!-- \/ Yoast SEO plugin. -->","yoast_head_json":{"title":"Equipamentos Multiusu\u00e1rios - N\u00facleo de Pesquisa em Qualidade de \u00c1rvores e Madeira","robots":{"index":"index","follow":"follow","max-snippet":"max-snippet:-1","max-image-preview":"max-image-preview:large","max-video-preview":"max-video-preview:-1"},"canonical":"https:\/\/laboratorios.ufrrj.br\/npqm\/equipamentos-multiusuarios\/","og_locale":"pt_BR","og_type":"article","og_title":"Equipamentos Multiusu\u00e1rios - N\u00facleo de Pesquisa em Qualidade de \u00c1rvores e Madeira","og_description":"&nbsp; &nbsp; EQUIPAMENTO REGISTRO LABORAT\u00d3RIO Afiador autom\u00e1tico de navalhas&nbsp; RM&nbsp; 255780 Anatomia e qualidade da madeira AGITADOR MAG. C\/ AQUEC.4L ... leia mais","og_url":"https:\/\/laboratorios.ufrrj.br\/npqm\/equipamentos-multiusuarios\/","og_site_name":"N\u00facleo de Pesquisa em Qualidade de \u00c1rvores e Madeira","article_modified_time":"2024-07-30T14:12:17+00:00","twitter_card":"summary_large_image","twitter_misc":{"Est. tempo de leitura":"5 minutos"},"schema":{"@context":"https:\/\/schema.org","@graph":[{"@type":"WebPage","@id":"https:\/\/laboratorios.ufrrj.br\/npqm\/equipamentos-multiusuarios\/","url":"https:\/\/laboratorios.ufrrj.br\/npqm\/equipamentos-multiusuarios\/","name":"Equipamentos Multiusu\u00e1rios - N\u00facleo de Pesquisa em Qualidade de \u00c1rvores e Madeira","isPartOf":{"@id":"https:\/\/laboratorios.ufrrj.br\/npqm\/#website"},"datePublished":"2024-07-30T14:07:30+00:00","dateModified":"2024-07-30T14:12:17+00:00","breadcrumb":{"@id":"https:\/\/laboratorios.ufrrj.br\/npqm\/equipamentos-multiusuarios\/#breadcrumb"},"inLanguage":"pt-BR","potentialAction":[{"@type":"ReadAction","target":["https:\/\/laboratorios.ufrrj.br\/npqm\/equipamentos-multiusuarios\/"]}]},{"@type":"BreadcrumbList","@id":"https:\/\/laboratorios.ufrrj.br\/npqm\/equipamentos-multiusuarios\/#breadcrumb","itemListElement":[{"@type":"ListItem","position":1,"name":"In\u00edcio","item":"https:\/\/laboratorios.ufrrj.br\/npqm\/"},{"@type":"ListItem","position":2,"name":"Equipamentos Multiusu\u00e1rios"}]},{"@type":"WebSite","@id":"https:\/\/laboratorios.ufrrj.br\/npqm\/#website","url":"https:\/\/laboratorios.ufrrj.br\/npqm\/","name":"N\u00facleo de Pesquisa em Qualidade de \u00c1rvores e Madeira","description":"","publisher":{"@id":"https:\/\/laboratorios.ufrrj.br\/npqm\/#organization"},"potentialAction":[{"@type":"SearchAction","target":{"@type":"EntryPoint","urlTemplate":"https:\/\/laboratorios.ufrrj.br\/npqm\/?s={search_term_string}"},"query-input":{"@type":"PropertyValueSpecification","valueRequired":true,"valueName":"search_term_string"}}],"inLanguage":"pt-BR"},{"@type":"Organization","@id":"https:\/\/laboratorios.ufrrj.br\/npqm\/#organization","name":"UFRRJ - Universidade Federal Rural do Rio de Janeiro","url":"https:\/\/laboratorios.ufrrj.br\/npqm\/","logo":{"@type":"ImageObject","inLanguage":"pt-BR","@id":"https:\/\/laboratorios.ufrrj.br\/npqm\/#\/schema\/logo\/image\/","url":"https:\/\/laboratorios.ufrrj.br\/npqm\/wp-content\/uploads\/sites\/4\/2025\/07\/LOGO_NPQAM2.png","contentUrl":"https:\/\/laboratorios.ufrrj.br\/npqm\/wp-content\/uploads\/sites\/4\/2025\/07\/LOGO_NPQAM2.png","width":1806,"height":1806,"caption":"UFRRJ - Universidade Federal Rural do Rio de Janeiro"},"image":{"@id":"https:\/\/laboratorios.ufrrj.br\/npqm\/#\/schema\/logo\/image\/"}}]}},"_links":{"self":[{"href":"https:\/\/laboratorios.ufrrj.br\/npqm\/wp-json\/wp\/v2\/pages\/3346","targetHints":{"allow":["GET"]}}],"collection":[{"href":"https:\/\/laboratorios.ufrrj.br\/npqm\/wp-json\/wp\/v2\/pages"}],"about":[{"href":"https:\/\/laboratorios.ufrrj.br\/npqm\/wp-json\/wp\/v2\/types\/page"}],"author":[{"embeddable":true,"href":"https:\/\/laboratorios.ufrrj.br\/npqm\/wp-json\/wp\/v2\/users\/5"}],"replies":[{"embeddable":true,"href":"https:\/\/laboratorios.ufrrj.br\/npqm\/wp-json\/wp\/v2\/comments?post=3346"}],"version-history":[{"count":3,"href":"https:\/\/laboratorios.ufrrj.br\/npqm\/wp-json\/wp\/v2\/pages\/3346\/revisions"}],"predecessor-version":[{"id":3351,"href":"https:\/\/laboratorios.ufrrj.br\/npqm\/wp-json\/wp\/v2\/pages\/3346\/revisions\/3351"}],"wp:attachment":[{"href":"https:\/\/laboratorios.ufrrj.br\/npqm\/wp-json\/wp\/v2\/media?parent=3346"}],"curies":[{"name":"wp","href":"https:\/\/api.w.org\/{rel}","templated":true}]}}