{"id":19,"date":"2016-04-26T16:32:58","date_gmt":"2016-04-26T16:32:58","guid":{"rendered":"http:\/\/laboratorios.ufrrj.br\/lgcs\/?page_id=19"},"modified":"2020-07-25T19:44:02","modified_gmt":"2020-07-25T19:44:02","slug":"fotos","status":"publish","type":"page","link":"https:\/\/laboratorios.ufrrj.br\/lgcs\/fotos\/","title":{"rendered":"Fotos"},"content":{"rendered":"<div id=\"attachment_158\" style=\"width: 242px\" class=\"wp-caption alignnone\"><a href=\"http:\/\/laboratorios.ufrrj.br\/lgcs\/wp-content\/uploads\/sites\/6\/2020\/07\/EstruturaPrism\u00e1tica2.jpg\"><img loading=\"lazy\" decoding=\"async\" aria-describedby=\"caption-attachment-158\" class=\"size-medium wp-image-158\" src=\"http:\/\/laboratorios.ufrrj.br\/lgcs\/wp-content\/uploads\/sites\/6\/2020\/07\/EstruturaPrism\u00e1tica2-232x300.jpg\" alt=\"\" width=\"232\" height=\"300\" srcset=\"https:\/\/laboratorios.ufrrj.br\/lgcs\/wp-content\/uploads\/sites\/6\/2020\/07\/EstruturaPrism\u00e1tica2-232x300.jpg 232w, https:\/\/laboratorios.ufrrj.br\/lgcs\/wp-content\/uploads\/sites\/6\/2020\/07\/EstruturaPrism\u00e1tica2-768x992.jpg 768w, https:\/\/laboratorios.ufrrj.br\/lgcs\/wp-content\/uploads\/sites\/6\/2020\/07\/EstruturaPrism\u00e1tica2-793x1024.jpg 793w, https:\/\/laboratorios.ufrrj.br\/lgcs\/wp-content\/uploads\/sites\/6\/2020\/07\/EstruturaPrism\u00e1tica2.jpg 1758w\" sizes=\"auto, (max-width: 232px) 100vw, 232px\" \/><\/a><p id=\"caption-attachment-158\" class=\"wp-caption-text\">Estrutura Prism\u00e1tica<\/p><\/div>\n<div id=\"attachment_157\" style=\"width: 235px\" class=\"wp-caption alignnone\"><a href=\"http:\/\/laboratorios.ufrrj.br\/lgcs\/wp-content\/uploads\/sites\/6\/2020\/07\/GleissoloH\u00e1plicoPinheiral.jpg\"><img loading=\"lazy\" decoding=\"async\" aria-describedby=\"caption-attachment-157\" class=\"size-medium wp-image-157\" src=\"http:\/\/laboratorios.ufrrj.br\/lgcs\/wp-content\/uploads\/sites\/6\/2020\/07\/GleissoloH\u00e1plicoPinheiral-225x300.jpg\" alt=\"\" width=\"225\" height=\"300\" srcset=\"https:\/\/laboratorios.ufrrj.br\/lgcs\/wp-content\/uploads\/sites\/6\/2020\/07\/GleissoloH\u00e1plicoPinheiral-225x300.jpg 225w, https:\/\/laboratorios.ufrrj.br\/lgcs\/wp-content\/uploads\/sites\/6\/2020\/07\/GleissoloH\u00e1plicoPinheiral-768x1024.jpg 768w\" sizes=\"auto, (max-width: 225px) 100vw, 225px\" \/><\/a><p id=\"caption-attachment-157\" class=\"wp-caption-text\">Perfil de Gleissolo H\u00e1plico<\/p><\/div>\n\n","protected":false},"excerpt":{"rendered":"","protected":false},"author":9,"featured_media":0,"parent":0,"menu_order":0,"comment_status":"open","ping_status":"open","template":"","meta":{"_acf_changed":false,"footnotes":"","_links_to":"","_links_to_target":""},"class_list":["post-19","page","type-page","status-publish","hentry"],"acf":[],"yoast_head":"<!-- This site is optimized with the Yoast SEO plugin v26.8 - https:\/\/yoast.com\/product\/yoast-seo-wordpress\/ -->\n<title>Fotos - LGCS - Laborat\u00f3rio de G\u00eanese e Classifica\u00e7\u00e3o do Solo<\/title>\n<meta name=\"robots\" content=\"index, follow, max-snippet:-1, max-image-preview:large, max-video-preview:-1\" \/>\n<link rel=\"canonical\" href=\"https:\/\/laboratorios.ufrrj.br\/lgcs\/fotos\/\" \/>\n<meta property=\"og:locale\" content=\"pt_BR\" \/>\n<meta property=\"og:type\" content=\"article\" \/>\n<meta property=\"og:title\" content=\"Fotos - LGCS - Laborat\u00f3rio de G\u00eanese e Classifica\u00e7\u00e3o do Solo\" \/>\n<meta property=\"og:url\" content=\"https:\/\/laboratorios.ufrrj.br\/lgcs\/fotos\/\" \/>\n<meta property=\"og:site_name\" content=\"LGCS - Laborat\u00f3rio de G\u00eanese e Classifica\u00e7\u00e3o do Solo\" \/>\n<meta property=\"article:modified_time\" content=\"2020-07-25T19:44:02+00:00\" \/>\n<meta name=\"twitter:card\" content=\"summary_large_image\" \/>\n<script type=\"application\/ld+json\" class=\"yoast-schema-graph\">{\"@context\":\"https:\/\/schema.org\",\"@graph\":[{\"@type\":\"WebPage\",\"@id\":\"https:\/\/laboratorios.ufrrj.br\/lgcs\/fotos\/\",\"url\":\"https:\/\/laboratorios.ufrrj.br\/lgcs\/fotos\/\",\"name\":\"Fotos - LGCS - Laborat\u00f3rio de G\u00eanese e Classifica\u00e7\u00e3o do Solo\",\"isPartOf\":{\"@id\":\"https:\/\/laboratorios.ufrrj.br\/lgcs\/#website\"},\"datePublished\":\"2016-04-26T16:32:58+00:00\",\"dateModified\":\"2020-07-25T19:44:02+00:00\",\"breadcrumb\":{\"@id\":\"https:\/\/laboratorios.ufrrj.br\/lgcs\/fotos\/#breadcrumb\"},\"inLanguage\":\"pt-BR\",\"potentialAction\":[{\"@type\":\"ReadAction\",\"target\":[\"https:\/\/laboratorios.ufrrj.br\/lgcs\/fotos\/\"]}]},{\"@type\":\"BreadcrumbList\",\"@id\":\"https:\/\/laboratorios.ufrrj.br\/lgcs\/fotos\/#breadcrumb\",\"itemListElement\":[{\"@type\":\"ListItem\",\"position\":1,\"name\":\"In\u00edcio\",\"item\":\"https:\/\/laboratorios.ufrrj.br\/lgcs\/\"},{\"@type\":\"ListItem\",\"position\":2,\"name\":\"Fotos\"}]},{\"@type\":\"WebSite\",\"@id\":\"https:\/\/laboratorios.ufrrj.br\/lgcs\/#website\",\"url\":\"https:\/\/laboratorios.ufrrj.br\/lgcs\/\",\"name\":\"LGCS - Laborat\u00f3rio de G\u00eanese e Classifica\u00e7\u00e3o do Solo\",\"description\":\"CAMPUS SEROP\u00c9DICA \u2013 UFRRJ\",\"potentialAction\":[{\"@type\":\"SearchAction\",\"target\":{\"@type\":\"EntryPoint\",\"urlTemplate\":\"https:\/\/laboratorios.ufrrj.br\/lgcs\/?s={search_term_string}\"},\"query-input\":{\"@type\":\"PropertyValueSpecification\",\"valueRequired\":true,\"valueName\":\"search_term_string\"}}],\"inLanguage\":\"pt-BR\"}]}<\/script>\n<!-- \/ Yoast SEO plugin. -->","yoast_head_json":{"title":"Fotos - LGCS - Laborat\u00f3rio de G\u00eanese e Classifica\u00e7\u00e3o do Solo","robots":{"index":"index","follow":"follow","max-snippet":"max-snippet:-1","max-image-preview":"max-image-preview:large","max-video-preview":"max-video-preview:-1"},"canonical":"https:\/\/laboratorios.ufrrj.br\/lgcs\/fotos\/","og_locale":"pt_BR","og_type":"article","og_title":"Fotos - LGCS - Laborat\u00f3rio de G\u00eanese e Classifica\u00e7\u00e3o do Solo","og_url":"https:\/\/laboratorios.ufrrj.br\/lgcs\/fotos\/","og_site_name":"LGCS - Laborat\u00f3rio de G\u00eanese e Classifica\u00e7\u00e3o do Solo","article_modified_time":"2020-07-25T19:44:02+00:00","twitter_card":"summary_large_image","schema":{"@context":"https:\/\/schema.org","@graph":[{"@type":"WebPage","@id":"https:\/\/laboratorios.ufrrj.br\/lgcs\/fotos\/","url":"https:\/\/laboratorios.ufrrj.br\/lgcs\/fotos\/","name":"Fotos - LGCS - Laborat\u00f3rio de G\u00eanese e Classifica\u00e7\u00e3o do Solo","isPartOf":{"@id":"https:\/\/laboratorios.ufrrj.br\/lgcs\/#website"},"datePublished":"2016-04-26T16:32:58+00:00","dateModified":"2020-07-25T19:44:02+00:00","breadcrumb":{"@id":"https:\/\/laboratorios.ufrrj.br\/lgcs\/fotos\/#breadcrumb"},"inLanguage":"pt-BR","potentialAction":[{"@type":"ReadAction","target":["https:\/\/laboratorios.ufrrj.br\/lgcs\/fotos\/"]}]},{"@type":"BreadcrumbList","@id":"https:\/\/laboratorios.ufrrj.br\/lgcs\/fotos\/#breadcrumb","itemListElement":[{"@type":"ListItem","position":1,"name":"In\u00edcio","item":"https:\/\/laboratorios.ufrrj.br\/lgcs\/"},{"@type":"ListItem","position":2,"name":"Fotos"}]},{"@type":"WebSite","@id":"https:\/\/laboratorios.ufrrj.br\/lgcs\/#website","url":"https:\/\/laboratorios.ufrrj.br\/lgcs\/","name":"LGCS - Laborat\u00f3rio de G\u00eanese e Classifica\u00e7\u00e3o do Solo","description":"CAMPUS SEROP\u00c9DICA \u2013 UFRRJ","potentialAction":[{"@type":"SearchAction","target":{"@type":"EntryPoint","urlTemplate":"https:\/\/laboratorios.ufrrj.br\/lgcs\/?s={search_term_string}"},"query-input":{"@type":"PropertyValueSpecification","valueRequired":true,"valueName":"search_term_string"}}],"inLanguage":"pt-BR"}]}},"_links":{"self":[{"href":"https:\/\/laboratorios.ufrrj.br\/lgcs\/wp-json\/wp\/v2\/pages\/19","targetHints":{"allow":["GET"]}}],"collection":[{"href":"https:\/\/laboratorios.ufrrj.br\/lgcs\/wp-json\/wp\/v2\/pages"}],"about":[{"href":"https:\/\/laboratorios.ufrrj.br\/lgcs\/wp-json\/wp\/v2\/types\/page"}],"author":[{"embeddable":true,"href":"https:\/\/laboratorios.ufrrj.br\/lgcs\/wp-json\/wp\/v2\/users\/9"}],"replies":[{"embeddable":true,"href":"https:\/\/laboratorios.ufrrj.br\/lgcs\/wp-json\/wp\/v2\/comments?post=19"}],"version-history":[{"count":5,"href":"https:\/\/laboratorios.ufrrj.br\/lgcs\/wp-json\/wp\/v2\/pages\/19\/revisions"}],"predecessor-version":[{"id":161,"href":"https:\/\/laboratorios.ufrrj.br\/lgcs\/wp-json\/wp\/v2\/pages\/19\/revisions\/161"}],"wp:attachment":[{"href":"https:\/\/laboratorios.ufrrj.br\/lgcs\/wp-json\/wp\/v2\/media?parent=19"}],"curies":[{"name":"wp","href":"https:\/\/api.w.org\/{rel}","templated":true}]}}