{"id":1366,"date":"2025-06-04T12:30:44","date_gmt":"2025-06-04T15:30:44","guid":{"rendered":"https:\/\/laboratorios.ufrrj.br\/levicaufrrj\/?page_id=1366"},"modified":"2025-09-07T20:20:17","modified_gmt":"2025-09-07T23:20:17","slug":"supervisao","status":"publish","type":"page","link":"https:\/\/laboratorios.ufrrj.br\/levicaufrrj\/supervisao\/","title":{"rendered":"Supervis\u00e3o"},"content":{"rendered":"\n<p><strong>Supervis\u00e3o no Curso de Psicologia<\/strong><\/p>\n\n\n\n<p>O LEVICA realiza supervis\u00e3o cl\u00ednica para estudantes de gradua\u00e7\u00e3o em Psicologia (a partir do 7\u00ba per\u00edodo), focada em casos de crian\u00e7as e adolescentes v\u00edtimas de viol\u00eancia e orienta\u00e7\u00e3o aos pais e cuidadores. As supervis\u00f5es, realizadas semanalmente, s\u00e3o subsidiadas pelo SEPsi\/UFRRJ e visam capacitar os alunos no atendimento especializado, promovendo reflex\u00f5es te\u00f3rico-pr\u00e1ticas e interven\u00e7\u00f5es \u00e9ticas e qualificadas, de acordo com as abordagens utilizadas nas interven\u00e7\u00f5es.<\/p>\n\n\n\n<figure class=\"wp-block-gallery has-nested-images columns-default is-cropped wp-block-gallery-1 is-layout-flex wp-block-gallery-is-layout-flex\">\n<figure class=\"wp-block-image size-large\"><a href=\"https:\/\/laboratorios.ufrrj.br\/levicaufrrj\/wp-content\/uploads\/sites\/39\/2025\/09\/WhatsApp-Image-2025-09-05-at-12.13.56.jpeg\"><img loading=\"lazy\" decoding=\"async\" width=\"1024\" height=\"768\" data-id=\"2199\" src=\"https:\/\/laboratorios.ufrrj.br\/levicaufrrj\/wp-content\/uploads\/sites\/39\/2025\/09\/WhatsApp-Image-2025-09-05-at-12.13.56-1024x768.jpeg\" alt=\"\" class=\"wp-image-2199\" srcset=\"https:\/\/laboratorios.ufrrj.br\/levicaufrrj\/wp-content\/uploads\/sites\/39\/2025\/09\/WhatsApp-Image-2025-09-05-at-12.13.56-1024x768.jpeg 1024w, https:\/\/laboratorios.ufrrj.br\/levicaufrrj\/wp-content\/uploads\/sites\/39\/2025\/09\/WhatsApp-Image-2025-09-05-at-12.13.56-300x225.jpeg 300w, https:\/\/laboratorios.ufrrj.br\/levicaufrrj\/wp-content\/uploads\/sites\/39\/2025\/09\/WhatsApp-Image-2025-09-05-at-12.13.56-768x576.jpeg 768w, https:\/\/laboratorios.ufrrj.br\/levicaufrrj\/wp-content\/uploads\/sites\/39\/2025\/09\/WhatsApp-Image-2025-09-05-at-12.13.56-93x70.jpeg 93w, https:\/\/laboratorios.ufrrj.br\/levicaufrrj\/wp-content\/uploads\/sites\/39\/2025\/09\/WhatsApp-Image-2025-09-05-at-12.13.56.jpeg 1280w\" sizes=\"auto, (max-width: 1024px) 100vw, 1024px\" \/><\/a><\/figure>\n\n\n\n<figure class=\"wp-block-image size-large\"><a href=\"https:\/\/laboratorios.ufrrj.br\/levicaufrrj\/wp-content\/uploads\/sites\/39\/2025\/09\/WhatsApp-Image-2025-09-05-at-12.13.57-1.jpeg\"><img loading=\"lazy\" decoding=\"async\" width=\"768\" height=\"1024\" data-id=\"2200\" src=\"https:\/\/laboratorios.ufrrj.br\/levicaufrrj\/wp-content\/uploads\/sites\/39\/2025\/09\/WhatsApp-Image-2025-09-05-at-12.13.57-1-768x1024.jpeg\" alt=\"\" class=\"wp-image-2200\" srcset=\"https:\/\/laboratorios.ufrrj.br\/levicaufrrj\/wp-content\/uploads\/sites\/39\/2025\/09\/WhatsApp-Image-2025-09-05-at-12.13.57-1-768x1024.jpeg 768w, https:\/\/laboratorios.ufrrj.br\/levicaufrrj\/wp-content\/uploads\/sites\/39\/2025\/09\/WhatsApp-Image-2025-09-05-at-12.13.57-1-225x300.jpeg 225w, https:\/\/laboratorios.ufrrj.br\/levicaufrrj\/wp-content\/uploads\/sites\/39\/2025\/09\/WhatsApp-Image-2025-09-05-at-12.13.57-1-53x70.jpeg 53w, https:\/\/laboratorios.ufrrj.br\/levicaufrrj\/wp-content\/uploads\/sites\/39\/2025\/09\/WhatsApp-Image-2025-09-05-at-12.13.57-1.jpeg 960w\" sizes=\"auto, (max-width: 768px) 100vw, 768px\" \/><\/a><\/figure>\n\n\n\n<figure class=\"wp-block-image size-large\"><a href=\"https:\/\/laboratorios.ufrrj.br\/levicaufrrj\/wp-content\/uploads\/sites\/39\/2025\/09\/WhatsApp-Image-2025-09-05-at-12.13.57-2.jpeg\"><img loading=\"lazy\" decoding=\"async\" width=\"1024\" height=\"768\" data-id=\"2201\" src=\"https:\/\/laboratorios.ufrrj.br\/levicaufrrj\/wp-content\/uploads\/sites\/39\/2025\/09\/WhatsApp-Image-2025-09-05-at-12.13.57-2-1024x768.jpeg\" alt=\"\" class=\"wp-image-2201\" srcset=\"https:\/\/laboratorios.ufrrj.br\/levicaufrrj\/wp-content\/uploads\/sites\/39\/2025\/09\/WhatsApp-Image-2025-09-05-at-12.13.57-2-1024x768.jpeg 1024w, https:\/\/laboratorios.ufrrj.br\/levicaufrrj\/wp-content\/uploads\/sites\/39\/2025\/09\/WhatsApp-Image-2025-09-05-at-12.13.57-2-300x225.jpeg 300w, https:\/\/laboratorios.ufrrj.br\/levicaufrrj\/wp-content\/uploads\/sites\/39\/2025\/09\/WhatsApp-Image-2025-09-05-at-12.13.57-2-768x576.jpeg 768w, https:\/\/laboratorios.ufrrj.br\/levicaufrrj\/wp-content\/uploads\/sites\/39\/2025\/09\/WhatsApp-Image-2025-09-05-at-12.13.57-2-93x70.jpeg 93w, https:\/\/laboratorios.ufrrj.br\/levicaufrrj\/wp-content\/uploads\/sites\/39\/2025\/09\/WhatsApp-Image-2025-09-05-at-12.13.57-2.jpeg 1280w\" sizes=\"auto, (max-width: 1024px) 100vw, 1024px\" \/><\/a><\/figure>\n\n\n\n<figure class=\"wp-block-image size-large\"><a href=\"https:\/\/laboratorios.ufrrj.br\/levicaufrrj\/wp-content\/uploads\/sites\/39\/2025\/09\/WhatsApp-Image-2025-09-05-at-12.13.57-3.jpeg\"><img loading=\"lazy\" decoding=\"async\" width=\"1024\" height=\"768\" data-id=\"2202\" src=\"https:\/\/laboratorios.ufrrj.br\/levicaufrrj\/wp-content\/uploads\/sites\/39\/2025\/09\/WhatsApp-Image-2025-09-05-at-12.13.57-3-1024x768.jpeg\" alt=\"\" class=\"wp-image-2202\" srcset=\"https:\/\/laboratorios.ufrrj.br\/levicaufrrj\/wp-content\/uploads\/sites\/39\/2025\/09\/WhatsApp-Image-2025-09-05-at-12.13.57-3-1024x768.jpeg 1024w, https:\/\/laboratorios.ufrrj.br\/levicaufrrj\/wp-content\/uploads\/sites\/39\/2025\/09\/WhatsApp-Image-2025-09-05-at-12.13.57-3-300x225.jpeg 300w, https:\/\/laboratorios.ufrrj.br\/levicaufrrj\/wp-content\/uploads\/sites\/39\/2025\/09\/WhatsApp-Image-2025-09-05-at-12.13.57-3-768x576.jpeg 768w, https:\/\/laboratorios.ufrrj.br\/levicaufrrj\/wp-content\/uploads\/sites\/39\/2025\/09\/WhatsApp-Image-2025-09-05-at-12.13.57-3-1536x1152.jpeg 1536w, https:\/\/laboratorios.ufrrj.br\/levicaufrrj\/wp-content\/uploads\/sites\/39\/2025\/09\/WhatsApp-Image-2025-09-05-at-12.13.57-3-93x70.jpeg 93w, https:\/\/laboratorios.ufrrj.br\/levicaufrrj\/wp-content\/uploads\/sites\/39\/2025\/09\/WhatsApp-Image-2025-09-05-at-12.13.57-3.jpeg 1600w\" sizes=\"auto, (max-width: 1024px) 100vw, 1024px\" \/><\/a><\/figure>\n\n\n\n<figure class=\"wp-block-image size-large\"><a href=\"https:\/\/laboratorios.ufrrj.br\/levicaufrrj\/wp-content\/uploads\/sites\/39\/2025\/09\/WhatsApp-Image-2025-09-05-at-12.13.57.jpeg\"><img loading=\"lazy\" decoding=\"async\" width=\"768\" height=\"1024\" data-id=\"2203\" src=\"https:\/\/laboratorios.ufrrj.br\/levicaufrrj\/wp-content\/uploads\/sites\/39\/2025\/09\/WhatsApp-Image-2025-09-05-at-12.13.57-768x1024.jpeg\" alt=\"\" class=\"wp-image-2203\" srcset=\"https:\/\/laboratorios.ufrrj.br\/levicaufrrj\/wp-content\/uploads\/sites\/39\/2025\/09\/WhatsApp-Image-2025-09-05-at-12.13.57-768x1024.jpeg 768w, https:\/\/laboratorios.ufrrj.br\/levicaufrrj\/wp-content\/uploads\/sites\/39\/2025\/09\/WhatsApp-Image-2025-09-05-at-12.13.57-225x300.jpeg 225w, https:\/\/laboratorios.ufrrj.br\/levicaufrrj\/wp-content\/uploads\/sites\/39\/2025\/09\/WhatsApp-Image-2025-09-05-at-12.13.57-53x70.jpeg 53w, https:\/\/laboratorios.ufrrj.br\/levicaufrrj\/wp-content\/uploads\/sites\/39\/2025\/09\/WhatsApp-Image-2025-09-05-at-12.13.57.jpeg 960w\" sizes=\"auto, (max-width: 768px) 100vw, 768px\" \/><\/a><\/figure>\n\n\n\n<figure class=\"wp-block-image size-large\"><a href=\"https:\/\/laboratorios.ufrrj.br\/levicaufrrj\/wp-content\/uploads\/sites\/39\/2025\/09\/WhatsApp-Image-2025-09-05-at-12.13.58-1.jpeg\"><img loading=\"lazy\" decoding=\"async\" width=\"768\" height=\"1024\" data-id=\"2204\" src=\"https:\/\/laboratorios.ufrrj.br\/levicaufrrj\/wp-content\/uploads\/sites\/39\/2025\/09\/WhatsApp-Image-2025-09-05-at-12.13.58-1-768x1024.jpeg\" alt=\"\" class=\"wp-image-2204\" srcset=\"https:\/\/laboratorios.ufrrj.br\/levicaufrrj\/wp-content\/uploads\/sites\/39\/2025\/09\/WhatsApp-Image-2025-09-05-at-12.13.58-1-768x1024.jpeg 768w, https:\/\/laboratorios.ufrrj.br\/levicaufrrj\/wp-content\/uploads\/sites\/39\/2025\/09\/WhatsApp-Image-2025-09-05-at-12.13.58-1-225x300.jpeg 225w, https:\/\/laboratorios.ufrrj.br\/levicaufrrj\/wp-content\/uploads\/sites\/39\/2025\/09\/WhatsApp-Image-2025-09-05-at-12.13.58-1-1152x1536.jpeg 1152w, https:\/\/laboratorios.ufrrj.br\/levicaufrrj\/wp-content\/uploads\/sites\/39\/2025\/09\/WhatsApp-Image-2025-09-05-at-12.13.58-1-53x70.jpeg 53w, https:\/\/laboratorios.ufrrj.br\/levicaufrrj\/wp-content\/uploads\/sites\/39\/2025\/09\/WhatsApp-Image-2025-09-05-at-12.13.58-1.jpeg 1200w\" sizes=\"auto, (max-width: 768px) 100vw, 768px\" \/><\/a><\/figure>\n\n\n\n<figure class=\"wp-block-image size-large\"><a href=\"https:\/\/laboratorios.ufrrj.br\/levicaufrrj\/wp-content\/uploads\/sites\/39\/2025\/09\/WhatsApp-Image-2025-09-05-at-12.13.58-2.jpeg\"><img loading=\"lazy\" decoding=\"async\" width=\"769\" height=\"1024\" data-id=\"2205\" src=\"https:\/\/laboratorios.ufrrj.br\/levicaufrrj\/wp-content\/uploads\/sites\/39\/2025\/09\/WhatsApp-Image-2025-09-05-at-12.13.58-2-769x1024.jpeg\" alt=\"\" class=\"wp-image-2205\" srcset=\"https:\/\/laboratorios.ufrrj.br\/levicaufrrj\/wp-content\/uploads\/sites\/39\/2025\/09\/WhatsApp-Image-2025-09-05-at-12.13.58-2-769x1024.jpeg 769w, https:\/\/laboratorios.ufrrj.br\/levicaufrrj\/wp-content\/uploads\/sites\/39\/2025\/09\/WhatsApp-Image-2025-09-05-at-12.13.58-2-225x300.jpeg 225w, https:\/\/laboratorios.ufrrj.br\/levicaufrrj\/wp-content\/uploads\/sites\/39\/2025\/09\/WhatsApp-Image-2025-09-05-at-12.13.58-2-768x1023.jpeg 768w, https:\/\/laboratorios.ufrrj.br\/levicaufrrj\/wp-content\/uploads\/sites\/39\/2025\/09\/WhatsApp-Image-2025-09-05-at-12.13.58-2-53x70.jpeg 53w, https:\/\/laboratorios.ufrrj.br\/levicaufrrj\/wp-content\/uploads\/sites\/39\/2025\/09\/WhatsApp-Image-2025-09-05-at-12.13.58-2.jpeg 868w\" sizes=\"auto, (max-width: 769px) 100vw, 769px\" \/><\/a><\/figure>\n\n\n\n<figure class=\"wp-block-image size-large\"><a href=\"https:\/\/laboratorios.ufrrj.br\/levicaufrrj\/wp-content\/uploads\/sites\/39\/2025\/09\/WhatsApp-Image-2025-09-05-at-12.13.58.jpeg\"><img loading=\"lazy\" decoding=\"async\" width=\"1024\" height=\"768\" data-id=\"2206\" src=\"https:\/\/laboratorios.ufrrj.br\/levicaufrrj\/wp-content\/uploads\/sites\/39\/2025\/09\/WhatsApp-Image-2025-09-05-at-12.13.58-1024x768.jpeg\" alt=\"\" class=\"wp-image-2206\" srcset=\"https:\/\/laboratorios.ufrrj.br\/levicaufrrj\/wp-content\/uploads\/sites\/39\/2025\/09\/WhatsApp-Image-2025-09-05-at-12.13.58-1024x768.jpeg 1024w, https:\/\/laboratorios.ufrrj.br\/levicaufrrj\/wp-content\/uploads\/sites\/39\/2025\/09\/WhatsApp-Image-2025-09-05-at-12.13.58-300x225.jpeg 300w, https:\/\/laboratorios.ufrrj.br\/levicaufrrj\/wp-content\/uploads\/sites\/39\/2025\/09\/WhatsApp-Image-2025-09-05-at-12.13.58-768x576.jpeg 768w, https:\/\/laboratorios.ufrrj.br\/levicaufrrj\/wp-content\/uploads\/sites\/39\/2025\/09\/WhatsApp-Image-2025-09-05-at-12.13.58-1536x1152.jpeg 1536w, https:\/\/laboratorios.ufrrj.br\/levicaufrrj\/wp-content\/uploads\/sites\/39\/2025\/09\/WhatsApp-Image-2025-09-05-at-12.13.58-93x70.jpeg 93w, https:\/\/laboratorios.ufrrj.br\/levicaufrrj\/wp-content\/uploads\/sites\/39\/2025\/09\/WhatsApp-Image-2025-09-05-at-12.13.58.jpeg 1600w\" sizes=\"auto, (max-width: 1024px) 100vw, 1024px\" \/><\/a><\/figure>\n<\/figure>\n","protected":false},"excerpt":{"rendered":"<p>Supervis\u00e3o no Curso de Psicologia O LEVICA realiza supervis\u00e3o cl\u00ednica para estudantes de gradua\u00e7\u00e3o em Psicologia (a partir do 7\u00ba per\u00edodo), focada [&hellip;]<\/p>\n","protected":false},"author":9,"featured_media":0,"parent":0,"menu_order":0,"comment_status":"closed","ping_status":"closed","template":"","meta":{"_acf_changed":false,"footnotes":""},"class_list":["post-1366","page","type-page","status-publish","hentry"],"acf":[],"yoast_head":"<!-- This site is optimized with the Yoast SEO plugin v26.8 - https:\/\/yoast.com\/product\/yoast-seo-wordpress\/ -->\n<title>Supervis\u00e3o no Curso de Psicologia<\/title>\n<meta name=\"robots\" content=\"index, follow, max-snippet:-1, max-image-preview:large, max-video-preview:-1\" \/>\n<link rel=\"canonical\" href=\"https:\/\/laboratorios.ufrrj.br\/levicaufrrj\/supervisao\/\" \/>\n<meta property=\"og:locale\" content=\"pt_BR\" \/>\n<meta property=\"og:type\" content=\"article\" \/>\n<meta property=\"og:title\" content=\"Supervis\u00e3o no Curso de Psicologia\" \/>\n<meta property=\"og:description\" content=\"Supervis\u00e3o no Curso de Psicologia O LEVICA realiza supervis\u00e3o cl\u00ednica para estudantes de gradua\u00e7\u00e3o em Psicologia (a partir do 7\u00ba per\u00edodo), focada [&hellip;]\" \/>\n<meta property=\"og:url\" content=\"https:\/\/laboratorios.ufrrj.br\/levicaufrrj\/supervisao\/\" \/>\n<meta property=\"og:site_name\" content=\"Laborat\u00f3rio de Estudos sobre Viol\u00eancia contra Crian\u00e7as e Adolescentes\" \/>\n<meta property=\"article:publisher\" content=\"https:\/\/www.facebook.com\/levicaufrrj\/\" \/>\n<meta property=\"article:modified_time\" content=\"2025-09-07T23:20:17+00:00\" \/>\n<meta property=\"og:image\" content=\"https:\/\/laboratorios.ufrrj.br\/levicaufrrj\/wp-content\/uploads\/sites\/39\/2025\/09\/WhatsApp-Image-2025-09-05-at-12.13.56-1024x768.jpeg\" \/>\n<meta name=\"twitter:card\" content=\"summary_large_image\" \/>\n<meta name=\"twitter:label1\" content=\"Est. tempo de leitura\" \/>\n\t<meta name=\"twitter:data1\" content=\"2 minutos\" \/>\n<script type=\"application\/ld+json\" class=\"yoast-schema-graph\">{\"@context\":\"https:\/\/schema.org\",\"@graph\":[{\"@type\":\"WebPage\",\"@id\":\"https:\/\/laboratorios.ufrrj.br\/levicaufrrj\/supervisao\/\",\"url\":\"https:\/\/laboratorios.ufrrj.br\/levicaufrrj\/supervisao\/\",\"name\":\"Supervis\u00e3o no Curso de Psicologia\",\"isPartOf\":{\"@id\":\"https:\/\/laboratorios.ufrrj.br\/levicaufrrj\/#website\"},\"primaryImageOfPage\":{\"@id\":\"https:\/\/laboratorios.ufrrj.br\/levicaufrrj\/supervisao\/#primaryimage\"},\"image\":{\"@id\":\"https:\/\/laboratorios.ufrrj.br\/levicaufrrj\/supervisao\/#primaryimage\"},\"thumbnailUrl\":\"https:\/\/laboratorios.ufrrj.br\/levicaufrrj\/wp-content\/uploads\/sites\/39\/2025\/09\/WhatsApp-Image-2025-09-05-at-12.13.56-1024x768.jpeg\",\"datePublished\":\"2025-06-04T15:30:44+00:00\",\"dateModified\":\"2025-09-07T23:20:17+00:00\",\"breadcrumb\":{\"@id\":\"https:\/\/laboratorios.ufrrj.br\/levicaufrrj\/supervisao\/#breadcrumb\"},\"inLanguage\":\"pt-BR\",\"potentialAction\":[{\"@type\":\"ReadAction\",\"target\":[\"https:\/\/laboratorios.ufrrj.br\/levicaufrrj\/supervisao\/\"]}]},{\"@type\":\"ImageObject\",\"inLanguage\":\"pt-BR\",\"@id\":\"https:\/\/laboratorios.ufrrj.br\/levicaufrrj\/supervisao\/#primaryimage\",\"url\":\"https:\/\/laboratorios.ufrrj.br\/levicaufrrj\/wp-content\/uploads\/sites\/39\/2025\/09\/WhatsApp-Image-2025-09-05-at-12.13.56-1024x768.jpeg\",\"contentUrl\":\"https:\/\/laboratorios.ufrrj.br\/levicaufrrj\/wp-content\/uploads\/sites\/39\/2025\/09\/WhatsApp-Image-2025-09-05-at-12.13.56-1024x768.jpeg\"},{\"@type\":\"BreadcrumbList\",\"@id\":\"https:\/\/laboratorios.ufrrj.br\/levicaufrrj\/supervisao\/#breadcrumb\",\"itemListElement\":[{\"@type\":\"ListItem\",\"position\":1,\"name\":\"In\u00edcio\",\"item\":\"https:\/\/laboratorios.ufrrj.br\/levicaufrrj\/\"},{\"@type\":\"ListItem\",\"position\":2,\"name\":\"Supervis\u00e3o\"}]},{\"@type\":\"WebSite\",\"@id\":\"https:\/\/laboratorios.ufrrj.br\/levicaufrrj\/#website\",\"url\":\"https:\/\/laboratorios.ufrrj.br\/levicaufrrj\/\",\"name\":\"Laborat\u00f3rio de Estudos sobre Viol\u00eancia contra Crian\u00e7as e Adolescentes\",\"description\":\"LEVICA - Campus Serop\u00e9dica - UFRRJ\",\"publisher\":{\"@id\":\"https:\/\/laboratorios.ufrrj.br\/levicaufrrj\/#organization\"},\"potentialAction\":[{\"@type\":\"SearchAction\",\"target\":{\"@type\":\"EntryPoint\",\"urlTemplate\":\"https:\/\/laboratorios.ufrrj.br\/levicaufrrj\/?s={search_term_string}\"},\"query-input\":{\"@type\":\"PropertyValueSpecification\",\"valueRequired\":true,\"valueName\":\"search_term_string\"}}],\"inLanguage\":\"pt-BR\"},{\"@type\":\"Organization\",\"@id\":\"https:\/\/laboratorios.ufrrj.br\/levicaufrrj\/#organization\",\"name\":\"LEVICA\",\"url\":\"https:\/\/laboratorios.ufrrj.br\/levicaufrrj\/\",\"logo\":{\"@type\":\"ImageObject\",\"inLanguage\":\"pt-BR\",\"@id\":\"https:\/\/laboratorios.ufrrj.br\/levicaufrrj\/#\/schema\/logo\/image\/\",\"url\":\"https:\/\/laboratorios.ufrrj.br\/levicaufrrj\/wp-content\/uploads\/sites\/39\/2025\/05\/levica-logo.png\",\"contentUrl\":\"https:\/\/laboratorios.ufrrj.br\/levicaufrrj\/wp-content\/uploads\/sites\/39\/2025\/05\/levica-logo.png\",\"width\":512,\"height\":512,\"caption\":\"LEVICA\"},\"image\":{\"@id\":\"https:\/\/laboratorios.ufrrj.br\/levicaufrrj\/#\/schema\/logo\/image\/\"},\"sameAs\":[\"https:\/\/www.facebook.com\/levicaufrrj\/\",\"https:\/\/www.instagram.com\/levicaufrrj\/\",\"https:\/\/www.youtube.com\/@levicaufrrj6400\"]}]}<\/script>\n<!-- \/ Yoast SEO plugin. -->","yoast_head_json":{"title":"Supervis\u00e3o no Curso de Psicologia","robots":{"index":"index","follow":"follow","max-snippet":"max-snippet:-1","max-image-preview":"max-image-preview:large","max-video-preview":"max-video-preview:-1"},"canonical":"https:\/\/laboratorios.ufrrj.br\/levicaufrrj\/supervisao\/","og_locale":"pt_BR","og_type":"article","og_title":"Supervis\u00e3o no Curso de Psicologia","og_description":"Supervis\u00e3o no Curso de Psicologia O LEVICA realiza supervis\u00e3o cl\u00ednica para estudantes de gradua\u00e7\u00e3o em Psicologia (a partir do 7\u00ba per\u00edodo), focada [&hellip;]","og_url":"https:\/\/laboratorios.ufrrj.br\/levicaufrrj\/supervisao\/","og_site_name":"Laborat\u00f3rio de Estudos sobre Viol\u00eancia contra Crian\u00e7as e Adolescentes","article_publisher":"https:\/\/www.facebook.com\/levicaufrrj\/","article_modified_time":"2025-09-07T23:20:17+00:00","og_image":[{"url":"https:\/\/laboratorios.ufrrj.br\/levicaufrrj\/wp-content\/uploads\/sites\/39\/2025\/09\/WhatsApp-Image-2025-09-05-at-12.13.56-1024x768.jpeg","type":"","width":"","height":""}],"twitter_card":"summary_large_image","twitter_misc":{"Est. tempo de leitura":"2 minutos"},"schema":{"@context":"https:\/\/schema.org","@graph":[{"@type":"WebPage","@id":"https:\/\/laboratorios.ufrrj.br\/levicaufrrj\/supervisao\/","url":"https:\/\/laboratorios.ufrrj.br\/levicaufrrj\/supervisao\/","name":"Supervis\u00e3o no Curso de Psicologia","isPartOf":{"@id":"https:\/\/laboratorios.ufrrj.br\/levicaufrrj\/#website"},"primaryImageOfPage":{"@id":"https:\/\/laboratorios.ufrrj.br\/levicaufrrj\/supervisao\/#primaryimage"},"image":{"@id":"https:\/\/laboratorios.ufrrj.br\/levicaufrrj\/supervisao\/#primaryimage"},"thumbnailUrl":"https:\/\/laboratorios.ufrrj.br\/levicaufrrj\/wp-content\/uploads\/sites\/39\/2025\/09\/WhatsApp-Image-2025-09-05-at-12.13.56-1024x768.jpeg","datePublished":"2025-06-04T15:30:44+00:00","dateModified":"2025-09-07T23:20:17+00:00","breadcrumb":{"@id":"https:\/\/laboratorios.ufrrj.br\/levicaufrrj\/supervisao\/#breadcrumb"},"inLanguage":"pt-BR","potentialAction":[{"@type":"ReadAction","target":["https:\/\/laboratorios.ufrrj.br\/levicaufrrj\/supervisao\/"]}]},{"@type":"ImageObject","inLanguage":"pt-BR","@id":"https:\/\/laboratorios.ufrrj.br\/levicaufrrj\/supervisao\/#primaryimage","url":"https:\/\/laboratorios.ufrrj.br\/levicaufrrj\/wp-content\/uploads\/sites\/39\/2025\/09\/WhatsApp-Image-2025-09-05-at-12.13.56-1024x768.jpeg","contentUrl":"https:\/\/laboratorios.ufrrj.br\/levicaufrrj\/wp-content\/uploads\/sites\/39\/2025\/09\/WhatsApp-Image-2025-09-05-at-12.13.56-1024x768.jpeg"},{"@type":"BreadcrumbList","@id":"https:\/\/laboratorios.ufrrj.br\/levicaufrrj\/supervisao\/#breadcrumb","itemListElement":[{"@type":"ListItem","position":1,"name":"In\u00edcio","item":"https:\/\/laboratorios.ufrrj.br\/levicaufrrj\/"},{"@type":"ListItem","position":2,"name":"Supervis\u00e3o"}]},{"@type":"WebSite","@id":"https:\/\/laboratorios.ufrrj.br\/levicaufrrj\/#website","url":"https:\/\/laboratorios.ufrrj.br\/levicaufrrj\/","name":"Laborat\u00f3rio de Estudos sobre Viol\u00eancia contra Crian\u00e7as e Adolescentes","description":"LEVICA - Campus Serop\u00e9dica - UFRRJ","publisher":{"@id":"https:\/\/laboratorios.ufrrj.br\/levicaufrrj\/#organization"},"potentialAction":[{"@type":"SearchAction","target":{"@type":"EntryPoint","urlTemplate":"https:\/\/laboratorios.ufrrj.br\/levicaufrrj\/?s={search_term_string}"},"query-input":{"@type":"PropertyValueSpecification","valueRequired":true,"valueName":"search_term_string"}}],"inLanguage":"pt-BR"},{"@type":"Organization","@id":"https:\/\/laboratorios.ufrrj.br\/levicaufrrj\/#organization","name":"LEVICA","url":"https:\/\/laboratorios.ufrrj.br\/levicaufrrj\/","logo":{"@type":"ImageObject","inLanguage":"pt-BR","@id":"https:\/\/laboratorios.ufrrj.br\/levicaufrrj\/#\/schema\/logo\/image\/","url":"https:\/\/laboratorios.ufrrj.br\/levicaufrrj\/wp-content\/uploads\/sites\/39\/2025\/05\/levica-logo.png","contentUrl":"https:\/\/laboratorios.ufrrj.br\/levicaufrrj\/wp-content\/uploads\/sites\/39\/2025\/05\/levica-logo.png","width":512,"height":512,"caption":"LEVICA"},"image":{"@id":"https:\/\/laboratorios.ufrrj.br\/levicaufrrj\/#\/schema\/logo\/image\/"},"sameAs":["https:\/\/www.facebook.com\/levicaufrrj\/","https:\/\/www.instagram.com\/levicaufrrj\/","https:\/\/www.youtube.com\/@levicaufrrj6400"]}]}},"_links":{"self":[{"href":"https:\/\/laboratorios.ufrrj.br\/levicaufrrj\/wp-json\/wp\/v2\/pages\/1366","targetHints":{"allow":["GET"]}}],"collection":[{"href":"https:\/\/laboratorios.ufrrj.br\/levicaufrrj\/wp-json\/wp\/v2\/pages"}],"about":[{"href":"https:\/\/laboratorios.ufrrj.br\/levicaufrrj\/wp-json\/wp\/v2\/types\/page"}],"author":[{"embeddable":true,"href":"https:\/\/laboratorios.ufrrj.br\/levicaufrrj\/wp-json\/wp\/v2\/users\/9"}],"replies":[{"embeddable":true,"href":"https:\/\/laboratorios.ufrrj.br\/levicaufrrj\/wp-json\/wp\/v2\/comments?post=1366"}],"version-history":[{"count":5,"href":"https:\/\/laboratorios.ufrrj.br\/levicaufrrj\/wp-json\/wp\/v2\/pages\/1366\/revisions"}],"predecessor-version":[{"id":2228,"href":"https:\/\/laboratorios.ufrrj.br\/levicaufrrj\/wp-json\/wp\/v2\/pages\/1366\/revisions\/2228"}],"wp:attachment":[{"href":"https:\/\/laboratorios.ufrrj.br\/levicaufrrj\/wp-json\/wp\/v2\/media?parent=1366"}],"curies":[{"name":"wp","href":"https:\/\/api.w.org\/{rel}","templated":true}]}}