{"id":1318,"date":"2025-06-04T12:20:11","date_gmt":"2025-06-04T15:20:11","guid":{"rendered":"https:\/\/laboratorios.ufrrj.br\/levicaufrrj\/?page_id=1318"},"modified":"2025-07-03T21:01:24","modified_gmt":"2025-07-04T00:01:24","slug":"valores","status":"publish","type":"page","link":"https:\/\/laboratorios.ufrrj.br\/levicaufrrj\/valores\/","title":{"rendered":"Valores"},"content":{"rendered":"\n<ul class=\"wp-block-list\">\n<li>Dignidade humana \u2013 Respeito incondicional \u00e0 diversidade (g\u00eanero, ra\u00e7a, classe, orienta\u00e7\u00e3o sexual, etc.).<\/li>\n\n\n\n<li>Democracia \u2013 Ambiente livre para express\u00e3o intelectual e cient\u00edfica, com participa\u00e7\u00e3o horizontal.<\/li>\n\n\n\n<li>Interdisciplinaridade \u2013 Integra\u00e7\u00e3o de saberes da Psicologia e \u00e1reas afins.<\/li>\n\n\n\n<li>\u00c9tica \u2013 Compromisso com o C\u00f3digo de \u00c9tica Profissional e pol\u00edticas para a prote\u00e7\u00e3o infantojuvenil.<\/li>\n\n\n\n<li>Justi\u00e7a social \u2013 Atua\u00e7\u00e3o voltada para popula\u00e7\u00f5es vulner\u00e1veis e equidade.<\/li>\n\n\n\n<li>Sustentabilidade \u2013 Pr\u00e1ticas que fortale\u00e7am redes de apoio perenes.<\/li>\n<\/ul>\n\n\n\n<p><strong>ODS &#8211; Objetivos de Desenvolvimento Sustent\u00e1vel&nbsp;<\/strong><\/p>\n\n\n\n<p>O LEVICA est\u00e1 comprometido com os Objetivos de Desenvolvimento Sustent\u00e1vel (ODS), agenda global estabelecida em 2015 pela Organiza\u00e7\u00e3o das Na\u00e7\u00f5es Unidas (ONU) como diretriz para construir um mundo mais justo e sustent\u00e1vel at\u00e9 2030.<\/p>\n\n\n\n<p>Dos 17 ODS, nosso laborat\u00f3rio atua prioritariamente em 5 objetivos que dialogam diretamente com nossa miss\u00e3o de combater a viol\u00eancia contra crian\u00e7as e adolescentes e promover direitos humanos:<\/p>\n\n\n\n<p><strong>ODS 3 &#8211; Sa\u00fade e Bem-Estar <br><\/strong>Atendimento psicol\u00f3gico especializado e programas de preven\u00e7\u00e3o \u00e0 viol\u00eancia infantojuvenil.<\/p>\n\n\n\n<figure class=\"wp-block-image size-full is-resized\"><a href=\"https:\/\/brasil.un.org\/pt-br\/sdgs\/3\"><img loading=\"lazy\" decoding=\"async\" src=\"https:\/\/laboratorios.ufrrj.br\/levicaufrrj\/wp-content\/uploads\/sites\/39\/2025\/07\/ods3.jpg\" alt=\"\" class=\"wp-image-1649\" width=\"73\" height=\"72\" srcset=\"https:\/\/laboratorios.ufrrj.br\/levicaufrrj\/wp-content\/uploads\/sites\/39\/2025\/07\/ods3.jpg 640w, https:\/\/laboratorios.ufrrj.br\/levicaufrrj\/wp-content\/uploads\/sites\/39\/2025\/07\/ods3-300x295.jpg 300w, https:\/\/laboratorios.ufrrj.br\/levicaufrrj\/wp-content\/uploads\/sites\/39\/2025\/07\/ods3-150x150.jpg 150w, https:\/\/laboratorios.ufrrj.br\/levicaufrrj\/wp-content\/uploads\/sites\/39\/2025\/07\/ods3-200x200.jpg 200w, https:\/\/laboratorios.ufrrj.br\/levicaufrrj\/wp-content\/uploads\/sites\/39\/2025\/07\/ods3-71x70.jpg 71w\" sizes=\"auto, (max-width: 73px) 100vw, 73px\" \/><\/a><\/figure>\n\n\n\n<p><strong>ODS 4 &#8211; Educa\u00e7\u00e3o de Qualidade<br><\/strong>Forma\u00e7\u00e3o de profissionais e comunidades atrav\u00e9s de pesquisas e a\u00e7\u00f5es psicoeducativas.<\/p>\n\n\n\n<figure class=\"wp-block-image size-full is-resized\"><a href=\"https:\/\/brasil.un.org\/pt-br\/sdgs\/4\"><img loading=\"lazy\" decoding=\"async\" src=\"https:\/\/laboratorios.ufrrj.br\/levicaufrrj\/wp-content\/uploads\/sites\/39\/2025\/07\/ods4.jpg\" alt=\"\" class=\"wp-image-1650\" width=\"71\" height=\"71\" srcset=\"https:\/\/laboratorios.ufrrj.br\/levicaufrrj\/wp-content\/uploads\/sites\/39\/2025\/07\/ods4.jpg 640w, https:\/\/laboratorios.ufrrj.br\/levicaufrrj\/wp-content\/uploads\/sites\/39\/2025\/07\/ods4-300x300.jpg 300w, https:\/\/laboratorios.ufrrj.br\/levicaufrrj\/wp-content\/uploads\/sites\/39\/2025\/07\/ods4-150x150.jpg 150w, https:\/\/laboratorios.ufrrj.br\/levicaufrrj\/wp-content\/uploads\/sites\/39\/2025\/07\/ods4-200x200.jpg 200w, https:\/\/laboratorios.ufrrj.br\/levicaufrrj\/wp-content\/uploads\/sites\/39\/2025\/07\/ods4-70x70.jpg 70w\" sizes=\"auto, (max-width: 71px) 100vw, 71px\" \/><\/a><\/figure>\n\n\n\n<p><strong>ODS 5 &#8211; Igualdade de G\u00eanero<br><\/strong>Enfrentamento da viol\u00eancia dom\u00e9stica e promo\u00e7\u00e3o de equidade.<\/p>\n\n\n\n<figure class=\"wp-block-image size-full is-resized\"><a href=\"https:\/\/brasil.un.org\/pt-br\/sdgs\/5\"><img loading=\"lazy\" decoding=\"async\" src=\"https:\/\/laboratorios.ufrrj.br\/levicaufrrj\/wp-content\/uploads\/sites\/39\/2025\/07\/ods5.jpg\" alt=\"\" class=\"wp-image-1651\" width=\"74\" height=\"74\" srcset=\"https:\/\/laboratorios.ufrrj.br\/levicaufrrj\/wp-content\/uploads\/sites\/39\/2025\/07\/ods5.jpg 640w, https:\/\/laboratorios.ufrrj.br\/levicaufrrj\/wp-content\/uploads\/sites\/39\/2025\/07\/ods5-300x300.jpg 300w, https:\/\/laboratorios.ufrrj.br\/levicaufrrj\/wp-content\/uploads\/sites\/39\/2025\/07\/ods5-150x150.jpg 150w, https:\/\/laboratorios.ufrrj.br\/levicaufrrj\/wp-content\/uploads\/sites\/39\/2025\/07\/ods5-200x200.jpg 200w, https:\/\/laboratorios.ufrrj.br\/levicaufrrj\/wp-content\/uploads\/sites\/39\/2025\/07\/ods5-70x70.jpg 70w\" sizes=\"auto, (max-width: 74px) 100vw, 74px\" \/><\/a><\/figure>\n\n\n\n<p><strong>ODS 10 &#8211; Redu\u00e7\u00e3o das Desigualdades<br><\/strong>Atendimento a popula\u00e7\u00f5es vulner\u00e1veis no entorno da UFRRJ.<\/p>\n\n\n\n<figure class=\"wp-block-image size-full is-resized\"><a href=\"https:\/\/brasil.un.org\/pt-br\/sdgs\/10\"><img loading=\"lazy\" decoding=\"async\" src=\"https:\/\/laboratorios.ufrrj.br\/levicaufrrj\/wp-content\/uploads\/sites\/39\/2025\/07\/ods10.jpg\" alt=\"\" class=\"wp-image-1652\" width=\"73\" height=\"73\" srcset=\"https:\/\/laboratorios.ufrrj.br\/levicaufrrj\/wp-content\/uploads\/sites\/39\/2025\/07\/ods10.jpg 640w, https:\/\/laboratorios.ufrrj.br\/levicaufrrj\/wp-content\/uploads\/sites\/39\/2025\/07\/ods10-300x300.jpg 300w, https:\/\/laboratorios.ufrrj.br\/levicaufrrj\/wp-content\/uploads\/sites\/39\/2025\/07\/ods10-150x150.jpg 150w, https:\/\/laboratorios.ufrrj.br\/levicaufrrj\/wp-content\/uploads\/sites\/39\/2025\/07\/ods10-200x200.jpg 200w, https:\/\/laboratorios.ufrrj.br\/levicaufrrj\/wp-content\/uploads\/sites\/39\/2025\/07\/ods10-70x70.jpg 70w\" sizes=\"auto, (max-width: 73px) 100vw, 73px\" \/><\/a><\/figure>\n\n\n\n<p><strong>ODS 16 &#8211; Paz, Justi\u00e7a e Institui\u00e7\u00f5es Eficazes<br><\/strong>Articula\u00e7\u00e3o com redes de prote\u00e7\u00e3o e influ\u00eancia em pol\u00edticas p\u00fablicas.<\/p>\n\n\n\n<figure class=\"wp-block-image size-full is-resized\"><a href=\"https:\/\/brasil.un.org\/pt-br\/sdgs\/16\"><img loading=\"lazy\" decoding=\"async\" src=\"https:\/\/laboratorios.ufrrj.br\/levicaufrrj\/wp-content\/uploads\/sites\/39\/2025\/07\/ods16.jpg\" alt=\"\" class=\"wp-image-1653\" width=\"73\" height=\"72\" srcset=\"https:\/\/laboratorios.ufrrj.br\/levicaufrrj\/wp-content\/uploads\/sites\/39\/2025\/07\/ods16.jpg 640w, https:\/\/laboratorios.ufrrj.br\/levicaufrrj\/wp-content\/uploads\/sites\/39\/2025\/07\/ods16-300x297.jpg 300w, https:\/\/laboratorios.ufrrj.br\/levicaufrrj\/wp-content\/uploads\/sites\/39\/2025\/07\/ods16-150x150.jpg 150w, https:\/\/laboratorios.ufrrj.br\/levicaufrrj\/wp-content\/uploads\/sites\/39\/2025\/07\/ods16-200x200.jpg 200w, https:\/\/laboratorios.ufrrj.br\/levicaufrrj\/wp-content\/uploads\/sites\/39\/2025\/07\/ods16-71x70.jpg 71w\" sizes=\"auto, (max-width: 73px) 100vw, 73px\" \/><\/a><\/figure>\n\n\n\n<p>Nossa atua\u00e7\u00e3o transforma esses compromissos globais em a\u00e7\u00f5es locais, integrando ensino, pesquisa e extens\u00e3o para proteger crian\u00e7as e adolescentes.<\/p>\n","protected":false},"excerpt":{"rendered":"<p>ODS &#8211; Objetivos de Desenvolvimento Sustent\u00e1vel&nbsp; O LEVICA est\u00e1 comprometido com os Objetivos de Desenvolvimento Sustent\u00e1vel (ODS), agenda global estabelecida em 2015 [&hellip;]<\/p>\n","protected":false},"author":9,"featured_media":0,"parent":0,"menu_order":0,"comment_status":"closed","ping_status":"closed","template":"","meta":{"_acf_changed":false,"footnotes":""},"class_list":["post-1318","page","type-page","status-publish","hentry"],"acf":[],"yoast_head":"<!-- This site is optimized with the Yoast SEO plugin v26.8 - https:\/\/yoast.com\/product\/yoast-seo-wordpress\/ -->\n<title>Valores - Laborat\u00f3rio de Estudos sobre Viol\u00eancia contra Crian\u00e7as e Adolescentes<\/title>\n<meta name=\"robots\" content=\"index, follow, max-snippet:-1, max-image-preview:large, max-video-preview:-1\" \/>\n<link rel=\"canonical\" href=\"https:\/\/laboratorios.ufrrj.br\/levicaufrrj\/valores\/\" \/>\n<meta property=\"og:locale\" content=\"pt_BR\" \/>\n<meta property=\"og:type\" content=\"article\" \/>\n<meta property=\"og:title\" content=\"Valores - Laborat\u00f3rio de Estudos sobre Viol\u00eancia contra Crian\u00e7as e Adolescentes\" \/>\n<meta property=\"og:description\" content=\"ODS &#8211; Objetivos de Desenvolvimento Sustent\u00e1vel&nbsp; O LEVICA est\u00e1 comprometido com os Objetivos de Desenvolvimento Sustent\u00e1vel (ODS), agenda global estabelecida em 2015 [&hellip;]\" \/>\n<meta property=\"og:url\" content=\"https:\/\/laboratorios.ufrrj.br\/levicaufrrj\/valores\/\" \/>\n<meta property=\"og:site_name\" content=\"Laborat\u00f3rio de Estudos sobre Viol\u00eancia contra Crian\u00e7as e Adolescentes\" \/>\n<meta property=\"article:publisher\" content=\"https:\/\/www.facebook.com\/levicaufrrj\/\" \/>\n<meta property=\"article:modified_time\" content=\"2025-07-04T00:01:24+00:00\" \/>\n<meta property=\"og:image\" content=\"https:\/\/laboratorios.ufrrj.br\/levicaufrrj\/wp-content\/uploads\/sites\/39\/2025\/07\/ods3.jpg\" \/>\n<meta name=\"twitter:card\" content=\"summary_large_image\" \/>\n<meta name=\"twitter:label1\" content=\"Est. tempo de leitura\" \/>\n\t<meta name=\"twitter:data1\" content=\"3 minutos\" \/>\n<script type=\"application\/ld+json\" class=\"yoast-schema-graph\">{\"@context\":\"https:\/\/schema.org\",\"@graph\":[{\"@type\":\"WebPage\",\"@id\":\"https:\/\/laboratorios.ufrrj.br\/levicaufrrj\/valores\/\",\"url\":\"https:\/\/laboratorios.ufrrj.br\/levicaufrrj\/valores\/\",\"name\":\"Valores - Laborat\u00f3rio de Estudos sobre Viol\u00eancia contra Crian\u00e7as e Adolescentes\",\"isPartOf\":{\"@id\":\"https:\/\/laboratorios.ufrrj.br\/levicaufrrj\/#website\"},\"primaryImageOfPage\":{\"@id\":\"https:\/\/laboratorios.ufrrj.br\/levicaufrrj\/valores\/#primaryimage\"},\"image\":{\"@id\":\"https:\/\/laboratorios.ufrrj.br\/levicaufrrj\/valores\/#primaryimage\"},\"thumbnailUrl\":\"https:\/\/laboratorios.ufrrj.br\/levicaufrrj\/wp-content\/uploads\/sites\/39\/2025\/07\/ods3.jpg\",\"datePublished\":\"2025-06-04T15:20:11+00:00\",\"dateModified\":\"2025-07-04T00:01:24+00:00\",\"breadcrumb\":{\"@id\":\"https:\/\/laboratorios.ufrrj.br\/levicaufrrj\/valores\/#breadcrumb\"},\"inLanguage\":\"pt-BR\",\"potentialAction\":[{\"@type\":\"ReadAction\",\"target\":[\"https:\/\/laboratorios.ufrrj.br\/levicaufrrj\/valores\/\"]}]},{\"@type\":\"ImageObject\",\"inLanguage\":\"pt-BR\",\"@id\":\"https:\/\/laboratorios.ufrrj.br\/levicaufrrj\/valores\/#primaryimage\",\"url\":\"https:\/\/laboratorios.ufrrj.br\/levicaufrrj\/wp-content\/uploads\/sites\/39\/2025\/07\/ods3.jpg\",\"contentUrl\":\"https:\/\/laboratorios.ufrrj.br\/levicaufrrj\/wp-content\/uploads\/sites\/39\/2025\/07\/ods3.jpg\",\"width\":640,\"height\":630},{\"@type\":\"BreadcrumbList\",\"@id\":\"https:\/\/laboratorios.ufrrj.br\/levicaufrrj\/valores\/#breadcrumb\",\"itemListElement\":[{\"@type\":\"ListItem\",\"position\":1,\"name\":\"In\u00edcio\",\"item\":\"https:\/\/laboratorios.ufrrj.br\/levicaufrrj\/\"},{\"@type\":\"ListItem\",\"position\":2,\"name\":\"Valores\"}]},{\"@type\":\"WebSite\",\"@id\":\"https:\/\/laboratorios.ufrrj.br\/levicaufrrj\/#website\",\"url\":\"https:\/\/laboratorios.ufrrj.br\/levicaufrrj\/\",\"name\":\"Laborat\u00f3rio de Estudos sobre Viol\u00eancia contra Crian\u00e7as e Adolescentes\",\"description\":\"LEVICA - Campus Serop\u00e9dica - UFRRJ\",\"publisher\":{\"@id\":\"https:\/\/laboratorios.ufrrj.br\/levicaufrrj\/#organization\"},\"potentialAction\":[{\"@type\":\"SearchAction\",\"target\":{\"@type\":\"EntryPoint\",\"urlTemplate\":\"https:\/\/laboratorios.ufrrj.br\/levicaufrrj\/?s={search_term_string}\"},\"query-input\":{\"@type\":\"PropertyValueSpecification\",\"valueRequired\":true,\"valueName\":\"search_term_string\"}}],\"inLanguage\":\"pt-BR\"},{\"@type\":\"Organization\",\"@id\":\"https:\/\/laboratorios.ufrrj.br\/levicaufrrj\/#organization\",\"name\":\"LEVICA\",\"url\":\"https:\/\/laboratorios.ufrrj.br\/levicaufrrj\/\",\"logo\":{\"@type\":\"ImageObject\",\"inLanguage\":\"pt-BR\",\"@id\":\"https:\/\/laboratorios.ufrrj.br\/levicaufrrj\/#\/schema\/logo\/image\/\",\"url\":\"https:\/\/laboratorios.ufrrj.br\/levicaufrrj\/wp-content\/uploads\/sites\/39\/2025\/05\/levica-logo.png\",\"contentUrl\":\"https:\/\/laboratorios.ufrrj.br\/levicaufrrj\/wp-content\/uploads\/sites\/39\/2025\/05\/levica-logo.png\",\"width\":512,\"height\":512,\"caption\":\"LEVICA\"},\"image\":{\"@id\":\"https:\/\/laboratorios.ufrrj.br\/levicaufrrj\/#\/schema\/logo\/image\/\"},\"sameAs\":[\"https:\/\/www.facebook.com\/levicaufrrj\/\",\"https:\/\/www.instagram.com\/levicaufrrj\/\",\"https:\/\/www.youtube.com\/@levicaufrrj6400\"]}]}<\/script>\n<!-- \/ Yoast SEO plugin. -->","yoast_head_json":{"title":"Valores - Laborat\u00f3rio de Estudos sobre Viol\u00eancia contra Crian\u00e7as e Adolescentes","robots":{"index":"index","follow":"follow","max-snippet":"max-snippet:-1","max-image-preview":"max-image-preview:large","max-video-preview":"max-video-preview:-1"},"canonical":"https:\/\/laboratorios.ufrrj.br\/levicaufrrj\/valores\/","og_locale":"pt_BR","og_type":"article","og_title":"Valores - Laborat\u00f3rio de Estudos sobre Viol\u00eancia contra Crian\u00e7as e Adolescentes","og_description":"ODS &#8211; Objetivos de Desenvolvimento Sustent\u00e1vel&nbsp; O LEVICA est\u00e1 comprometido com os Objetivos de Desenvolvimento Sustent\u00e1vel (ODS), agenda global estabelecida em 2015 [&hellip;]","og_url":"https:\/\/laboratorios.ufrrj.br\/levicaufrrj\/valores\/","og_site_name":"Laborat\u00f3rio de Estudos sobre Viol\u00eancia contra Crian\u00e7as e Adolescentes","article_publisher":"https:\/\/www.facebook.com\/levicaufrrj\/","article_modified_time":"2025-07-04T00:01:24+00:00","og_image":[{"url":"https:\/\/laboratorios.ufrrj.br\/levicaufrrj\/wp-content\/uploads\/sites\/39\/2025\/07\/ods3.jpg","type":"","width":"","height":""}],"twitter_card":"summary_large_image","twitter_misc":{"Est. tempo de leitura":"3 minutos"},"schema":{"@context":"https:\/\/schema.org","@graph":[{"@type":"WebPage","@id":"https:\/\/laboratorios.ufrrj.br\/levicaufrrj\/valores\/","url":"https:\/\/laboratorios.ufrrj.br\/levicaufrrj\/valores\/","name":"Valores - Laborat\u00f3rio de Estudos sobre Viol\u00eancia contra Crian\u00e7as e Adolescentes","isPartOf":{"@id":"https:\/\/laboratorios.ufrrj.br\/levicaufrrj\/#website"},"primaryImageOfPage":{"@id":"https:\/\/laboratorios.ufrrj.br\/levicaufrrj\/valores\/#primaryimage"},"image":{"@id":"https:\/\/laboratorios.ufrrj.br\/levicaufrrj\/valores\/#primaryimage"},"thumbnailUrl":"https:\/\/laboratorios.ufrrj.br\/levicaufrrj\/wp-content\/uploads\/sites\/39\/2025\/07\/ods3.jpg","datePublished":"2025-06-04T15:20:11+00:00","dateModified":"2025-07-04T00:01:24+00:00","breadcrumb":{"@id":"https:\/\/laboratorios.ufrrj.br\/levicaufrrj\/valores\/#breadcrumb"},"inLanguage":"pt-BR","potentialAction":[{"@type":"ReadAction","target":["https:\/\/laboratorios.ufrrj.br\/levicaufrrj\/valores\/"]}]},{"@type":"ImageObject","inLanguage":"pt-BR","@id":"https:\/\/laboratorios.ufrrj.br\/levicaufrrj\/valores\/#primaryimage","url":"https:\/\/laboratorios.ufrrj.br\/levicaufrrj\/wp-content\/uploads\/sites\/39\/2025\/07\/ods3.jpg","contentUrl":"https:\/\/laboratorios.ufrrj.br\/levicaufrrj\/wp-content\/uploads\/sites\/39\/2025\/07\/ods3.jpg","width":640,"height":630},{"@type":"BreadcrumbList","@id":"https:\/\/laboratorios.ufrrj.br\/levicaufrrj\/valores\/#breadcrumb","itemListElement":[{"@type":"ListItem","position":1,"name":"In\u00edcio","item":"https:\/\/laboratorios.ufrrj.br\/levicaufrrj\/"},{"@type":"ListItem","position":2,"name":"Valores"}]},{"@type":"WebSite","@id":"https:\/\/laboratorios.ufrrj.br\/levicaufrrj\/#website","url":"https:\/\/laboratorios.ufrrj.br\/levicaufrrj\/","name":"Laborat\u00f3rio de Estudos sobre Viol\u00eancia contra Crian\u00e7as e Adolescentes","description":"LEVICA - Campus Serop\u00e9dica - UFRRJ","publisher":{"@id":"https:\/\/laboratorios.ufrrj.br\/levicaufrrj\/#organization"},"potentialAction":[{"@type":"SearchAction","target":{"@type":"EntryPoint","urlTemplate":"https:\/\/laboratorios.ufrrj.br\/levicaufrrj\/?s={search_term_string}"},"query-input":{"@type":"PropertyValueSpecification","valueRequired":true,"valueName":"search_term_string"}}],"inLanguage":"pt-BR"},{"@type":"Organization","@id":"https:\/\/laboratorios.ufrrj.br\/levicaufrrj\/#organization","name":"LEVICA","url":"https:\/\/laboratorios.ufrrj.br\/levicaufrrj\/","logo":{"@type":"ImageObject","inLanguage":"pt-BR","@id":"https:\/\/laboratorios.ufrrj.br\/levicaufrrj\/#\/schema\/logo\/image\/","url":"https:\/\/laboratorios.ufrrj.br\/levicaufrrj\/wp-content\/uploads\/sites\/39\/2025\/05\/levica-logo.png","contentUrl":"https:\/\/laboratorios.ufrrj.br\/levicaufrrj\/wp-content\/uploads\/sites\/39\/2025\/05\/levica-logo.png","width":512,"height":512,"caption":"LEVICA"},"image":{"@id":"https:\/\/laboratorios.ufrrj.br\/levicaufrrj\/#\/schema\/logo\/image\/"},"sameAs":["https:\/\/www.facebook.com\/levicaufrrj\/","https:\/\/www.instagram.com\/levicaufrrj\/","https:\/\/www.youtube.com\/@levicaufrrj6400"]}]}},"_links":{"self":[{"href":"https:\/\/laboratorios.ufrrj.br\/levicaufrrj\/wp-json\/wp\/v2\/pages\/1318","targetHints":{"allow":["GET"]}}],"collection":[{"href":"https:\/\/laboratorios.ufrrj.br\/levicaufrrj\/wp-json\/wp\/v2\/pages"}],"about":[{"href":"https:\/\/laboratorios.ufrrj.br\/levicaufrrj\/wp-json\/wp\/v2\/types\/page"}],"author":[{"embeddable":true,"href":"https:\/\/laboratorios.ufrrj.br\/levicaufrrj\/wp-json\/wp\/v2\/users\/9"}],"replies":[{"embeddable":true,"href":"https:\/\/laboratorios.ufrrj.br\/levicaufrrj\/wp-json\/wp\/v2\/comments?post=1318"}],"version-history":[{"count":5,"href":"https:\/\/laboratorios.ufrrj.br\/levicaufrrj\/wp-json\/wp\/v2\/pages\/1318\/revisions"}],"predecessor-version":[{"id":1655,"href":"https:\/\/laboratorios.ufrrj.br\/levicaufrrj\/wp-json\/wp\/v2\/pages\/1318\/revisions\/1655"}],"wp:attachment":[{"href":"https:\/\/laboratorios.ufrrj.br\/levicaufrrj\/wp-json\/wp\/v2\/media?parent=1318"}],"curies":[{"name":"wp","href":"https:\/\/api.w.org\/{rel}","templated":true}]}}