{"id":44,"date":"2019-11-14T20:09:13","date_gmt":"2019-11-14T23:09:13","guid":{"rendered":"http:\/\/laboratorios.ufrrj.br\/labsafe\/?page_id=44"},"modified":"2019-11-14T20:09:13","modified_gmt":"2019-11-14T23:09:13","slug":"historico-eldaf","status":"publish","type":"page","link":"https:\/\/laboratorios.ufrrj.br\/labsafe\/historico-eldaf\/","title":{"rendered":"Hist\u00f3rico ELDAF"},"content":{"rendered":"<h1><strong>ELDAF: ESTUDO LONGITUDINAL DOS DETERMINANTES DA ATIVIDADE F\u00cdSICA<\/strong><\/h1>\n<p>&nbsp;<\/p>\n<p class=\"font_8\">Foi no\u00a0ano de 2015 que o projeto ELDAF &#8211; Estudo Longitudinal dos Determinantes da Educa\u00e7\u00e3o F\u00edsica. come\u00e7ou a ser idealizado. O professor Aldair J.\u00a0Oliveira (UFRRJ) foi o respons\u00e1vel pelo\u00a0delineamento de seu primeiro esbo\u00e7o. A larga\u00a0experi\u00eancia pr\u00e9via do professor com pesquisas epidemiol\u00f3gicas, bem como a\u00a0parceria estabelecida\u00a0com a professora Fabiane F. R. Morgado (UFRRJ)\u00a0contribu\u00edram\u00a0para aprofundar a estrutura te\u00f3rica\/metodol\u00f3gica do projeto.<\/p>\n<p class=\"font_8\">No ano de 2016, o ELDAF foi aprovado pelo Comit\u00ea de \u00c9tica e Pesquisa da ASSOCIA\u00c7\u00c3O SALGADO FILHO DE OLIVEIRA DE EDUCA\u00c7\u00c3O E CULTURA\u00a0&#8211; (CAAE:\u00a056224716.2.0000.5289). Foi submetido a dois editais da FAPERJ\u00a0e contemplado por ambos. Outras parcerias com pesquisadores de diferentes institui\u00e7\u00f5es, tais como Universidade Estadual do Rio de Janeiro, Universidade Federal de Juiz de Fora, Funda\u00e7\u00e3o Oswaldo Cruz, foram estabelecidas. E, ainda, diferentes cursos de curta dura\u00e7\u00e3o, tais como digita\u00e7\u00e3o, coleta de dados, manipula\u00e7\u00e3o de software estat\u00edstico, entre outros vinculados ao projeto foram ofertados a alunos da gradua\u00e7\u00e3o com o intuito de prepar\u00e1-los para participa\u00e7\u00e3o no estudo piloto.<\/p>\n<p class=\"font_8\">No ano de 2017, iniciou-se a coleta de dados do ELDAF como parte integrante do primeiro estudo piloto. Foram recrutados 150 funcion\u00e1rios t\u00e9cnicos administrativos terceirizados da UFRRJ campus Serop\u00e9dica. Pelo menos 20 graduandos de Educa\u00e7\u00e3o F\u00edsica do DEFD\/UFRRJ participaram ativamente da coleta de dados, desde o momento de convite aos participantes at\u00e9 a tabula\u00e7\u00e3o e an\u00e1lise dos dados.\u00a0Parte dos resultados deste estudo j\u00e1 foram publicados em Congresso Brasileiro de Atividade F\u00edsica e Sa\u00fade, em Florian\u00f3polis, no m\u00eas novembro de 2017.\u00a0Outras\u00a0an\u00e1lises mais robustas est\u00e3o em andamento e dar\u00e3o suporte para reda\u00e7\u00e3o de artigos cient\u00edficos que ser\u00e3o publicados em peri\u00f3dicos nacionais e internacionais.<\/p>\n<p class=\"font_8\">No de 2018, realizamos\u00a0um segundo\u00a0estudo piloto, a partir de ajustes necess\u00e1rios que foram\u00a0identificados no primeiro piloto. Apresentamos os resultados no ENCIPEF, em Belo Horizonte &#8211; MG.\u00a0\u00a0Considerando ser este um projeto longitudinal, novas atualiza\u00e7\u00f5es nesta p\u00e1gina ser\u00e3o realizadas na medida em que o estudo tiver sua continuidade.<\/p>\n<p class=\"font_8\"><span class=\"wixGuard\">\u200b<\/span><\/p>\n","protected":false},"excerpt":{"rendered":"<p>ELDAF: ESTUDO LONGITUDINAL DOS DETERMINANTES DA ATIVIDADE F\u00cdSICA &nbsp; Foi no\u00a0ano de 2015 que o projeto ELDAF &#8211; Estudo Longitudinal <a class=\"read-more\" href=\"https:\/\/laboratorios.ufrrj.br\/labsafe\/historico-eldaf\/ \" >&#8230; <span class=\"font-italic\">leia mais <i class=\"fas fa-angle-right\"><\/i><\/span><\/a><\/p>\n","protected":false},"author":21,"featured_media":0,"parent":0,"menu_order":0,"comment_status":"closed","ping_status":"closed","template":"","meta":{"_acf_changed":false,"footnotes":""},"class_list":["post-44","page","type-page","status-publish","hentry"],"acf":[],"yoast_head":"<!-- This site is optimized with the Yoast SEO plugin v26.8 - https:\/\/yoast.com\/product\/yoast-seo-wordpress\/ -->\n<title>Hist\u00f3rico ELDAF - LABSAFE<\/title>\n<meta name=\"robots\" content=\"index, follow, max-snippet:-1, max-image-preview:large, max-video-preview:-1\" \/>\n<link rel=\"canonical\" href=\"https:\/\/laboratorios.ufrrj.br\/labsafe\/historico-eldaf\/\" \/>\n<meta property=\"og:locale\" content=\"pt_BR\" \/>\n<meta property=\"og:type\" content=\"article\" \/>\n<meta property=\"og:title\" content=\"Hist\u00f3rico ELDAF - LABSAFE\" \/>\n<meta property=\"og:description\" content=\"ELDAF: ESTUDO LONGITUDINAL DOS DETERMINANTES DA ATIVIDADE F\u00cdSICA &nbsp; Foi no\u00a0ano de 2015 que o projeto ELDAF &#8211; Estudo Longitudinal ... leia mais\" \/>\n<meta property=\"og:url\" content=\"https:\/\/laboratorios.ufrrj.br\/labsafe\/historico-eldaf\/\" \/>\n<meta property=\"og:site_name\" content=\"LABSAFE\" \/>\n<meta name=\"twitter:card\" content=\"summary_large_image\" \/>\n<meta name=\"twitter:label1\" content=\"Est. tempo de leitura\" \/>\n\t<meta name=\"twitter:data1\" content=\"2 minutos\" \/>\n<script type=\"application\/ld+json\" class=\"yoast-schema-graph\">{\"@context\":\"https:\/\/schema.org\",\"@graph\":[{\"@type\":\"WebPage\",\"@id\":\"https:\/\/laboratorios.ufrrj.br\/labsafe\/historico-eldaf\/\",\"url\":\"https:\/\/laboratorios.ufrrj.br\/labsafe\/historico-eldaf\/\",\"name\":\"Hist\u00f3rico ELDAF - LABSAFE\",\"isPartOf\":{\"@id\":\"https:\/\/laboratorios.ufrrj.br\/labsafe\/#website\"},\"datePublished\":\"2019-11-14T23:09:13+00:00\",\"breadcrumb\":{\"@id\":\"https:\/\/laboratorios.ufrrj.br\/labsafe\/historico-eldaf\/#breadcrumb\"},\"inLanguage\":\"pt-BR\",\"potentialAction\":[{\"@type\":\"ReadAction\",\"target\":[\"https:\/\/laboratorios.ufrrj.br\/labsafe\/historico-eldaf\/\"]}]},{\"@type\":\"BreadcrumbList\",\"@id\":\"https:\/\/laboratorios.ufrrj.br\/labsafe\/historico-eldaf\/#breadcrumb\",\"itemListElement\":[{\"@type\":\"ListItem\",\"position\":1,\"name\":\"In\u00edcio\",\"item\":\"https:\/\/laboratorios.ufrrj.br\/labsafe\/\"},{\"@type\":\"ListItem\",\"position\":2,\"name\":\"Hist\u00f3rico ELDAF\"}]},{\"@type\":\"WebSite\",\"@id\":\"https:\/\/laboratorios.ufrrj.br\/labsafe\/#website\",\"url\":\"https:\/\/laboratorios.ufrrj.br\/labsafe\/\",\"name\":\"LABSAFE\",\"description\":\"Laborat\u00f3rio de Dimens\u00f5es Aplicadas \u00e0 Atividade F\u00edsica\",\"potentialAction\":[{\"@type\":\"SearchAction\",\"target\":{\"@type\":\"EntryPoint\",\"urlTemplate\":\"https:\/\/laboratorios.ufrrj.br\/labsafe\/?s={search_term_string}\"},\"query-input\":{\"@type\":\"PropertyValueSpecification\",\"valueRequired\":true,\"valueName\":\"search_term_string\"}}],\"inLanguage\":\"pt-BR\"}]}<\/script>\n<!-- \/ Yoast SEO plugin. -->","yoast_head_json":{"title":"Hist\u00f3rico ELDAF - LABSAFE","robots":{"index":"index","follow":"follow","max-snippet":"max-snippet:-1","max-image-preview":"max-image-preview:large","max-video-preview":"max-video-preview:-1"},"canonical":"https:\/\/laboratorios.ufrrj.br\/labsafe\/historico-eldaf\/","og_locale":"pt_BR","og_type":"article","og_title":"Hist\u00f3rico ELDAF - LABSAFE","og_description":"ELDAF: ESTUDO LONGITUDINAL DOS DETERMINANTES DA ATIVIDADE F\u00cdSICA &nbsp; Foi no\u00a0ano de 2015 que o projeto ELDAF &#8211; Estudo Longitudinal ... leia mais","og_url":"https:\/\/laboratorios.ufrrj.br\/labsafe\/historico-eldaf\/","og_site_name":"LABSAFE","twitter_card":"summary_large_image","twitter_misc":{"Est. tempo de leitura":"2 minutos"},"schema":{"@context":"https:\/\/schema.org","@graph":[{"@type":"WebPage","@id":"https:\/\/laboratorios.ufrrj.br\/labsafe\/historico-eldaf\/","url":"https:\/\/laboratorios.ufrrj.br\/labsafe\/historico-eldaf\/","name":"Hist\u00f3rico ELDAF - LABSAFE","isPartOf":{"@id":"https:\/\/laboratorios.ufrrj.br\/labsafe\/#website"},"datePublished":"2019-11-14T23:09:13+00:00","breadcrumb":{"@id":"https:\/\/laboratorios.ufrrj.br\/labsafe\/historico-eldaf\/#breadcrumb"},"inLanguage":"pt-BR","potentialAction":[{"@type":"ReadAction","target":["https:\/\/laboratorios.ufrrj.br\/labsafe\/historico-eldaf\/"]}]},{"@type":"BreadcrumbList","@id":"https:\/\/laboratorios.ufrrj.br\/labsafe\/historico-eldaf\/#breadcrumb","itemListElement":[{"@type":"ListItem","position":1,"name":"In\u00edcio","item":"https:\/\/laboratorios.ufrrj.br\/labsafe\/"},{"@type":"ListItem","position":2,"name":"Hist\u00f3rico ELDAF"}]},{"@type":"WebSite","@id":"https:\/\/laboratorios.ufrrj.br\/labsafe\/#website","url":"https:\/\/laboratorios.ufrrj.br\/labsafe\/","name":"LABSAFE","description":"Laborat\u00f3rio de Dimens\u00f5es Aplicadas \u00e0 Atividade F\u00edsica","potentialAction":[{"@type":"SearchAction","target":{"@type":"EntryPoint","urlTemplate":"https:\/\/laboratorios.ufrrj.br\/labsafe\/?s={search_term_string}"},"query-input":{"@type":"PropertyValueSpecification","valueRequired":true,"valueName":"search_term_string"}}],"inLanguage":"pt-BR"}]}},"_links":{"self":[{"href":"https:\/\/laboratorios.ufrrj.br\/labsafe\/wp-json\/wp\/v2\/pages\/44","targetHints":{"allow":["GET"]}}],"collection":[{"href":"https:\/\/laboratorios.ufrrj.br\/labsafe\/wp-json\/wp\/v2\/pages"}],"about":[{"href":"https:\/\/laboratorios.ufrrj.br\/labsafe\/wp-json\/wp\/v2\/types\/page"}],"author":[{"embeddable":true,"href":"https:\/\/laboratorios.ufrrj.br\/labsafe\/wp-json\/wp\/v2\/users\/21"}],"replies":[{"embeddable":true,"href":"https:\/\/laboratorios.ufrrj.br\/labsafe\/wp-json\/wp\/v2\/comments?post=44"}],"version-history":[{"count":2,"href":"https:\/\/laboratorios.ufrrj.br\/labsafe\/wp-json\/wp\/v2\/pages\/44\/revisions"}],"predecessor-version":[{"id":46,"href":"https:\/\/laboratorios.ufrrj.br\/labsafe\/wp-json\/wp\/v2\/pages\/44\/revisions\/46"}],"wp:attachment":[{"href":"https:\/\/laboratorios.ufrrj.br\/labsafe\/wp-json\/wp\/v2\/media?parent=44"}],"curies":[{"name":"wp","href":"https:\/\/api.w.org\/{rel}","templated":true}]}}