{"id":17,"date":"2015-01-06T13:37:45","date_gmt":"2015-01-06T13:37:45","guid":{"rendered":"http:\/\/laboratorios.ufrrj.br\/laab-rural\/?page_id=17"},"modified":"2015-04-16T14:14:34","modified_gmt":"2015-04-16T14:14:34","slug":"envio-de-amostras","status":"publish","type":"page","link":"https:\/\/laboratorios.ufrrj.br\/laab-rural\/envio-de-amostras\/","title":{"rendered":"Envio de Amostras"},"content":{"rendered":"<h2 style=\"text-align: center\">COMO COLETAR E ENVIAR AMOSTRAS<\/h2>\n<h3>\u00c1GUA<\/h3>\n<h3>\u00a0Volume a ser coletado<\/h3>\n<p>Para as <strong>an\u00e1lises f\u00edsico-qu\u00edmicas<\/strong> coletar 3 litros em embalagem limpa. N\u00e3o \u00e9 necess\u00e1rio usar embalagem esterilizada. Sugerimos usar 2 garrafas de \u00e1gua mineral de 1,5 L previamente lavadas com a pr\u00f3pria \u00e1gua a ser coletada.<\/p>\n<p>Para as <strong>an\u00e1lises microbiol\u00f3gicas<\/strong> deve ser coletado no m\u00ednimo 100 mL em embalagem esterilizada, frascos de vidro esterilizados ou sacos tipo \u201cWhirl-Pak\u201d).<\/p>\n<p>Os sacos de coleta \u201cWhirl-Pak\u201d ou equivalente com a tira de fechamento branca, destinam-se \u00e0 coleta de \u00e1gua clorada para an\u00e1lises \u201cmicrobiol\u00f3gicas\u201d, pois cont\u00e9m pastilhas de tiosulfato de s\u00f3dio, cuja finalidade \u00e9 neutralizar o cloro residual, porventura existente na amostra. Desta maneira o resultado da an\u00e1lise revelar\u00e1 a contamina\u00e7\u00e3o do momento da coleta.<\/p>\n<p>Os sacos de coleta \u201cWhirl-Pak\u201d ou equivalente com a tira de fechamento amarela, destinam-se \u00e0 coleta de \u00e1gua que n\u00e3o sofreu tratamento de clora\u00e7\u00e3o (po\u00e7os e nascentes), sendo tamb\u00e9m destinados \u00e0 an\u00e1lises microbiol\u00f3gicas.<\/p>\n<h3><strong>Boas pr\u00e1ticas no Procedimento de Coleta<\/strong><\/h3>\n<p>O respons\u00e1vel pela colheita n\u00e3o dever\u00e1 apresentar ferimentos nas m\u00e3os e bra\u00e7os. Se isso ocorrer, cobrir o ferimento com curativo e usar luvas de l\u00e1tex descart\u00e1veis e est\u00e9reis. Higienizar as m\u00e3os com sab\u00e3o antiss\u00e9ptico ou lavar com sab\u00e3o e fazer assepsia com \u00e1lcool 70%. N\u00e3o falar, tossir ou espirrar durante a coleta. Caso seja necess\u00e1rio, limpar a parte externa da torneira com \u00e1gua e sab\u00e3o e\/ou flambar a boca da torneira. Abrir a torneira e deixar a \u00e1gua escoar por 3 minutos. Fechar a torneira e posicionar o frasco ou saco de colheita. Abrir novamente a torneira deixando passar um filete pouco intenso de \u00e1gua e encher o frasco at\u00e9 cerca de 80% do volume ou o saco pl\u00e1stico at\u00e9 a marca indicada. Identificar o frasco ou o saco de coleta com os dados de identifica\u00e7\u00e3o da amostra, na tarja branca. Colocar o frasco ou saco pl\u00e1stico est\u00e9ril usado para coleta da amostra dentro de um segundo saco pl\u00e1stico limpo e resistente. Acondicionar sob refrigera\u00e7\u00e3o.<\/p>\n<p>Manter as amostras sob refrigera\u00e7\u00e3o, colocando as mesmas em caixas isot\u00e9rmicas (de isopor), contendo sacos com gelo.\u00a0Evitar o uso de gelo solto. <strong>Enviar imediatamente ao laborat\u00f3rio. O tempo entre a colheita e o recebimento no laborat\u00f3rio n\u00e3o dever\u00e1 exceder 6 horas. <\/strong><\/p>\n<p><strong>Recebemos amostras de \u00e1gua de segunda a sexta-feira somente at\u00e9 as 16h00min.<\/strong><\/p>\n<p>&nbsp;<\/p>\n<p><a href=\"http:\/\/laboratorios.ufrrj.br\/laab-rural\/wp-content\/uploads\/sites\/3\/2015\/01\/pdf.gif\"><img loading=\"lazy\" decoding=\"async\" class=\"alignnone size-full wp-image-66\" src=\"http:\/\/laboratorios.ufrrj.br\/laab-rural\/wp-content\/uploads\/sites\/3\/2015\/01\/pdf.gif\" alt=\"pdf\" width=\"40\" height=\"14\" \/><\/a>\u00a0\u00a0<a href=\"http:\/\/laboratorios.ufrrj.br\/laab-rural\/wp-content\/uploads\/sites\/3\/2015\/01\/INSTRU\u00c7\u00d5ES-COLHEITA-AMOSTRA-\u00c1GUA.pdf\">Instru\u00e7\u00f5es para coleta de \u00e1gua<\/a><\/p>\n<h5>\u00a0<\/h5>\n<h3>ALIMENTOS, BEBIDAS E MAT\u00c9RIAS PRIMAS<\/h3>\n<h3>Quantidade de amostra a ser coletada<\/h3>\n<p>Deve-se proceder \u00e0 colheita de amostras dos alimentos em suas embalagens originais n\u00e3o violadas, observando a quantidade m\u00ednima de 200g ou 200mL por unidade amostral. Em geral coleta-se 200 a 500 g da amostra. Aceitam-se exce\u00e7\u00f5es para os casos relacionados a elucida\u00e7\u00e3o de toxinfec\u00e7\u00f5es alimentares, devendo ser colhidas as sobras dos alimentos efetivamente consumidos pelo(s) afetado(s). Quando se tratar de produtos a granel, ou de por\u00e7\u00f5es n\u00e3o embaladas na origem, deve-se cumprir as Boas Pr\u00e1ticas de Colheita.<\/p>\n<p>No caso de alimentos comercialmente est\u00e9reis, cada unidade da amostra indicativa deve ser composta de no m\u00ednimo 3 (tr\u00eas) unidades do mesmo lote, para fins anal\u00edticos.<\/p>\n<h3><strong>Boas pr\u00e1ticas de colheita<\/strong><\/h3>\n<p>O respons\u00e1vel pela colheita n\u00e3o dever\u00e1 apresentar ferimentos nas m\u00e3os e bra\u00e7os. Se isso ocorrer, cobrir o ferimento com curativo e usar luvas de l\u00e1tex descart\u00e1veis e est\u00e9reis. Higienizar as m\u00e3os com sab\u00e3o antiss\u00e9ptico ou lavar com sab\u00e3o e fazer assepsia com \u00e1lcool 70%, deixando secar ao ar. N\u00e3o falar, tossir, espirrar ou realizar movimentos bruscos durante a colheita. Identificar adequadamente a embalagem onde o produto ser\u00e1 coletado. Fazer a assepsia da superf\u00edcie externa da embalagem do produto, com aux\u00edlio de algod\u00e3o ou gaze umedecidos com \u00e1lcool 70%. Abrir os frascos est\u00e9reis para colheita de maneira a garantir que eventuais contamina\u00e7\u00f5es presentes na superf\u00edcie externa n\u00e3o contaminem o produto. Para coleta, utilizar utens\u00edlio est\u00e9ril ou previamente flambado (ex.: esp\u00e1tula, colher, concha, etc.).<\/p>\n<p>Quando do uso de sacos esterilizados est\u00e9reis do tipo \u201cWhirl-Pak\u201d ou equivalente: 1) destacar a parte superior atrav\u00e9s do picote. 2) Abrir o saco de coleta com o aux\u00edlio das ling\u00fcetas laterais; 3) Para coleta, utilizar utens\u00edlio est\u00e9ril ou previamente flambado (ex.: esp\u00e1tula, colher, concha, etc.); 4) Segurar o saco firmemente puxando as pontas do arame para fora; 5) Girar o saco sobre si mesmo, dando 3 voltas; 6) Dobrar as pontas do arame para dentro, mas no sentido contr\u00e1rio ao qual foi girado.<\/p>\n<p>Em caso de <strong>produtos perec\u00edveis<\/strong>, manter as amostras sob refrigera\u00e7\u00e3o, colocando as mesmas dentro de um segundo saco pl\u00e1stico limpo e resistente em caixas isot\u00e9rmicas, contendo sacos com gelo.<\/p>\n<p>Amostras de produtos <strong>n\u00e3o perec\u00edveis <\/strong>n\u00e3o precisam de refrigera\u00e7\u00e3o e podem ser enviadas, pelo correio (<strong>sedex<\/strong>).<\/p>\n","protected":false},"excerpt":{"rendered":"<p>COMO COLETAR E ENVIAR AMOSTRAS \u00c1GUA \u00a0Volume a ser coletado Para as an\u00e1lises f\u00edsico-qu\u00edmicas coletar 3 litros em embalagem limpa. N\u00e3o \u00e9 [&hellip;]<\/p>\n","protected":false},"author":3,"featured_media":0,"parent":0,"menu_order":0,"comment_status":"open","ping_status":"open","template":"","meta":{"_acf_changed":false,"ngg_post_thumbnail":0,"footnotes":"","_links_to":"","_links_to_target":""},"class_list":["post-17","page","type-page","status-publish","hentry"],"acf":[],"yoast_head":"<!-- This site is optimized with the Yoast SEO plugin v26.8 - https:\/\/yoast.com\/product\/yoast-seo-wordpress\/ -->\n<title>Envio de Amostras - Laborat\u00f3rio Anal\u00edtico de Alimentos e Bebidas<\/title>\n<meta name=\"robots\" content=\"index, follow, max-snippet:-1, max-image-preview:large, max-video-preview:-1\" \/>\n<link rel=\"canonical\" href=\"https:\/\/laboratorios.ufrrj.br\/laab-rural\/envio-de-amostras\/\" \/>\n<meta property=\"og:locale\" content=\"pt_BR\" \/>\n<meta property=\"og:type\" content=\"article\" \/>\n<meta property=\"og:title\" content=\"Envio de Amostras - Laborat\u00f3rio Anal\u00edtico de Alimentos e Bebidas\" \/>\n<meta property=\"og:description\" content=\"COMO COLETAR E ENVIAR AMOSTRAS \u00c1GUA \u00a0Volume a ser coletado Para as an\u00e1lises f\u00edsico-qu\u00edmicas coletar 3 litros em embalagem limpa. N\u00e3o \u00e9 [&hellip;]\" \/>\n<meta property=\"og:url\" content=\"https:\/\/laboratorios.ufrrj.br\/laab-rural\/envio-de-amostras\/\" \/>\n<meta property=\"og:site_name\" content=\"Laborat\u00f3rio Anal\u00edtico de Alimentos e Bebidas\" \/>\n<meta property=\"article:modified_time\" content=\"2015-04-16T14:14:34+00:00\" \/>\n<meta property=\"og:image\" content=\"https:\/\/laboratorios.ufrrj.br\/laab-rural\/wp-content\/uploads\/sites\/3\/2015\/01\/pdf.gif\" \/>\n\t<meta property=\"og:image:width\" content=\"40\" \/>\n\t<meta property=\"og:image:height\" content=\"14\" \/>\n\t<meta property=\"og:image:type\" content=\"image\/gif\" \/>\n<meta name=\"twitter:card\" content=\"summary_large_image\" \/>\n<meta name=\"twitter:label1\" content=\"Est. tempo de leitura\" \/>\n\t<meta name=\"twitter:data1\" content=\"4 minutos\" \/>\n<script type=\"application\/ld+json\" class=\"yoast-schema-graph\">{\"@context\":\"https:\/\/schema.org\",\"@graph\":[{\"@type\":\"WebPage\",\"@id\":\"https:\/\/laboratorios.ufrrj.br\/laab-rural\/envio-de-amostras\/\",\"url\":\"https:\/\/laboratorios.ufrrj.br\/laab-rural\/envio-de-amostras\/\",\"name\":\"Envio de Amostras - Laborat\u00f3rio Anal\u00edtico de Alimentos e Bebidas\",\"isPartOf\":{\"@id\":\"https:\/\/laboratorios.ufrrj.br\/laab-rural\/#website\"},\"primaryImageOfPage\":{\"@id\":\"https:\/\/laboratorios.ufrrj.br\/laab-rural\/envio-de-amostras\/#primaryimage\"},\"image\":{\"@id\":\"https:\/\/laboratorios.ufrrj.br\/laab-rural\/envio-de-amostras\/#primaryimage\"},\"thumbnailUrl\":\"http:\/\/laboratorios.ufrrj.br\/laab-rural\/wp-content\/uploads\/sites\/3\/2015\/01\/pdf.gif\",\"datePublished\":\"2015-01-06T13:37:45+00:00\",\"dateModified\":\"2015-04-16T14:14:34+00:00\",\"breadcrumb\":{\"@id\":\"https:\/\/laboratorios.ufrrj.br\/laab-rural\/envio-de-amostras\/#breadcrumb\"},\"inLanguage\":\"pt-BR\",\"potentialAction\":[{\"@type\":\"ReadAction\",\"target\":[\"https:\/\/laboratorios.ufrrj.br\/laab-rural\/envio-de-amostras\/\"]}]},{\"@type\":\"ImageObject\",\"inLanguage\":\"pt-BR\",\"@id\":\"https:\/\/laboratorios.ufrrj.br\/laab-rural\/envio-de-amostras\/#primaryimage\",\"url\":\"http:\/\/laboratorios.ufrrj.br\/laab-rural\/wp-content\/uploads\/sites\/3\/2015\/01\/pdf.gif\",\"contentUrl\":\"http:\/\/laboratorios.ufrrj.br\/laab-rural\/wp-content\/uploads\/sites\/3\/2015\/01\/pdf.gif\"},{\"@type\":\"BreadcrumbList\",\"@id\":\"https:\/\/laboratorios.ufrrj.br\/laab-rural\/envio-de-amostras\/#breadcrumb\",\"itemListElement\":[{\"@type\":\"ListItem\",\"position\":1,\"name\":\"In\u00edcio\",\"item\":\"https:\/\/laboratorios.ufrrj.br\/laab-rural\/\"},{\"@type\":\"ListItem\",\"position\":2,\"name\":\"Envio de Amostras\"}]},{\"@type\":\"WebSite\",\"@id\":\"https:\/\/laboratorios.ufrrj.br\/laab-rural\/#website\",\"url\":\"https:\/\/laboratorios.ufrrj.br\/laab-rural\/\",\"name\":\"Laborat\u00f3rio Anal\u00edtico de Alimentos e Bebidas\",\"description\":\"\",\"potentialAction\":[{\"@type\":\"SearchAction\",\"target\":{\"@type\":\"EntryPoint\",\"urlTemplate\":\"https:\/\/laboratorios.ufrrj.br\/laab-rural\/?s={search_term_string}\"},\"query-input\":{\"@type\":\"PropertyValueSpecification\",\"valueRequired\":true,\"valueName\":\"search_term_string\"}}],\"inLanguage\":\"pt-BR\"}]}<\/script>\n<!-- \/ Yoast SEO plugin. -->","yoast_head_json":{"title":"Envio de Amostras - Laborat\u00f3rio Anal\u00edtico de Alimentos e Bebidas","robots":{"index":"index","follow":"follow","max-snippet":"max-snippet:-1","max-image-preview":"max-image-preview:large","max-video-preview":"max-video-preview:-1"},"canonical":"https:\/\/laboratorios.ufrrj.br\/laab-rural\/envio-de-amostras\/","og_locale":"pt_BR","og_type":"article","og_title":"Envio de Amostras - Laborat\u00f3rio Anal\u00edtico de Alimentos e Bebidas","og_description":"COMO COLETAR E ENVIAR AMOSTRAS \u00c1GUA \u00a0Volume a ser coletado Para as an\u00e1lises f\u00edsico-qu\u00edmicas coletar 3 litros em embalagem limpa. N\u00e3o \u00e9 [&hellip;]","og_url":"https:\/\/laboratorios.ufrrj.br\/laab-rural\/envio-de-amostras\/","og_site_name":"Laborat\u00f3rio Anal\u00edtico de Alimentos e Bebidas","article_modified_time":"2015-04-16T14:14:34+00:00","og_image":[{"width":40,"height":14,"url":"https:\/\/laboratorios.ufrrj.br\/laab-rural\/wp-content\/uploads\/sites\/3\/2015\/01\/pdf.gif","type":"image\/gif"}],"twitter_card":"summary_large_image","twitter_misc":{"Est. tempo de leitura":"4 minutos"},"schema":{"@context":"https:\/\/schema.org","@graph":[{"@type":"WebPage","@id":"https:\/\/laboratorios.ufrrj.br\/laab-rural\/envio-de-amostras\/","url":"https:\/\/laboratorios.ufrrj.br\/laab-rural\/envio-de-amostras\/","name":"Envio de Amostras - Laborat\u00f3rio Anal\u00edtico de Alimentos e Bebidas","isPartOf":{"@id":"https:\/\/laboratorios.ufrrj.br\/laab-rural\/#website"},"primaryImageOfPage":{"@id":"https:\/\/laboratorios.ufrrj.br\/laab-rural\/envio-de-amostras\/#primaryimage"},"image":{"@id":"https:\/\/laboratorios.ufrrj.br\/laab-rural\/envio-de-amostras\/#primaryimage"},"thumbnailUrl":"http:\/\/laboratorios.ufrrj.br\/laab-rural\/wp-content\/uploads\/sites\/3\/2015\/01\/pdf.gif","datePublished":"2015-01-06T13:37:45+00:00","dateModified":"2015-04-16T14:14:34+00:00","breadcrumb":{"@id":"https:\/\/laboratorios.ufrrj.br\/laab-rural\/envio-de-amostras\/#breadcrumb"},"inLanguage":"pt-BR","potentialAction":[{"@type":"ReadAction","target":["https:\/\/laboratorios.ufrrj.br\/laab-rural\/envio-de-amostras\/"]}]},{"@type":"ImageObject","inLanguage":"pt-BR","@id":"https:\/\/laboratorios.ufrrj.br\/laab-rural\/envio-de-amostras\/#primaryimage","url":"http:\/\/laboratorios.ufrrj.br\/laab-rural\/wp-content\/uploads\/sites\/3\/2015\/01\/pdf.gif","contentUrl":"http:\/\/laboratorios.ufrrj.br\/laab-rural\/wp-content\/uploads\/sites\/3\/2015\/01\/pdf.gif"},{"@type":"BreadcrumbList","@id":"https:\/\/laboratorios.ufrrj.br\/laab-rural\/envio-de-amostras\/#breadcrumb","itemListElement":[{"@type":"ListItem","position":1,"name":"In\u00edcio","item":"https:\/\/laboratorios.ufrrj.br\/laab-rural\/"},{"@type":"ListItem","position":2,"name":"Envio de Amostras"}]},{"@type":"WebSite","@id":"https:\/\/laboratorios.ufrrj.br\/laab-rural\/#website","url":"https:\/\/laboratorios.ufrrj.br\/laab-rural\/","name":"Laborat\u00f3rio Anal\u00edtico de Alimentos e Bebidas","description":"","potentialAction":[{"@type":"SearchAction","target":{"@type":"EntryPoint","urlTemplate":"https:\/\/laboratorios.ufrrj.br\/laab-rural\/?s={search_term_string}"},"query-input":{"@type":"PropertyValueSpecification","valueRequired":true,"valueName":"search_term_string"}}],"inLanguage":"pt-BR"}]}},"_links":{"self":[{"href":"https:\/\/laboratorios.ufrrj.br\/laab-rural\/wp-json\/wp\/v2\/pages\/17","targetHints":{"allow":["GET"]}}],"collection":[{"href":"https:\/\/laboratorios.ufrrj.br\/laab-rural\/wp-json\/wp\/v2\/pages"}],"about":[{"href":"https:\/\/laboratorios.ufrrj.br\/laab-rural\/wp-json\/wp\/v2\/types\/page"}],"author":[{"embeddable":true,"href":"https:\/\/laboratorios.ufrrj.br\/laab-rural\/wp-json\/wp\/v2\/users\/3"}],"replies":[{"embeddable":true,"href":"https:\/\/laboratorios.ufrrj.br\/laab-rural\/wp-json\/wp\/v2\/comments?post=17"}],"version-history":[{"count":8,"href":"https:\/\/laboratorios.ufrrj.br\/laab-rural\/wp-json\/wp\/v2\/pages\/17\/revisions"}],"predecessor-version":[{"id":111,"href":"https:\/\/laboratorios.ufrrj.br\/laab-rural\/wp-json\/wp\/v2\/pages\/17\/revisions\/111"}],"wp:attachment":[{"href":"https:\/\/laboratorios.ufrrj.br\/laab-rural\/wp-json\/wp\/v2\/media?parent=17"}],"curies":[{"name":"wp","href":"https:\/\/api.w.org\/{rel}","templated":true}]}}